Last updated on 2022-08-15 08:49:53 CEST.
Flavor | Version | Tinstall | Tcheck | Ttotal | Status | Flags |
---|---|---|---|---|---|---|
r-devel-linux-x86_64-debian-clang | 0.2.0 | 4.49 | 41.86 | 46.35 | WARN | |
r-devel-linux-x86_64-debian-gcc | 0.2.0 | 4.09 | 33.71 | 37.80 | NOTE | |
r-devel-linux-x86_64-fedora-clang | 0.2.0 | 72.13 | WARN | |||
r-devel-linux-x86_64-fedora-gcc | 0.2.0 | 72.44 | NOTE | |||
r-devel-windows-x86_64 | 0.2.0 | 29.00 | 118.00 | 147.00 | NOTE | |
r-patched-linux-x86_64 | 0.2.0 | 4.75 | 41.99 | 46.74 | NOTE | |
r-release-linux-x86_64 | 0.2.0 | 4.22 | 41.86 | 46.08 | NOTE | |
r-release-macos-arm64 | 0.2.0 | 30.00 | NOTE | |||
r-release-macos-x86_64 | 0.2.0 | 36.00 | NOTE | |||
r-release-windows-x86_64 | 0.2.0 | 37.00 | 115.00 | 152.00 | NOTE | |
r-oldrel-macos-arm64 | 0.2.0 | 40.00 | NOTE | |||
r-oldrel-macos-x86_64 | 0.2.0 | 57.00 | NOTE | |||
r-oldrel-windows-ix86+x86_64 | 0.2.0 | 20.00 | 87.00 | 107.00 | NOTE |
Version: 0.2.0
Check: whether package can be installed
Result: WARN
Found the following significant warnings:
sprinkler.c:6:14037: warning: use of bitwise '&' with boolean operands [-Wbitwise-instead-of-logical]
Flavors: r-devel-linux-x86_64-debian-clang, r-devel-linux-x86_64-fedora-clang
Version: 0.2.0
Check: LazyData
Result: NOTE
'LazyData' is specified without a 'data' directory
Flavors: r-devel-linux-x86_64-debian-clang, r-devel-linux-x86_64-debian-gcc, r-devel-linux-x86_64-fedora-clang, r-devel-linux-x86_64-fedora-gcc, r-devel-windows-x86_64, r-patched-linux-x86_64, r-release-linux-x86_64, r-release-macos-arm64, r-release-macos-x86_64, r-release-windows-x86_64, r-oldrel-macos-arm64, r-oldrel-macos-x86_64, r-oldrel-windows-ix86+x86_64