Last updated on 2022-08-15 08:49:53 CEST.
Flavor | Version | Tinstall | Tcheck | Ttotal | Status | Flags |
---|---|---|---|---|---|---|
r-devel-linux-x86_64-debian-clang | 0.2.6.2 | 12.53 | 123.60 | 136.13 | NOTE | |
r-devel-linux-x86_64-debian-gcc | 0.2.6.2 | 9.06 | 92.83 | 101.89 | NOTE | |
r-devel-linux-x86_64-fedora-clang | 0.2.6.2 | 170.05 | NOTE | |||
r-devel-linux-x86_64-fedora-gcc | 0.2.6.2 | 173.03 | NOTE | |||
r-devel-windows-x86_64 | 0.2.6.2 | 127.00 | 144.00 | 271.00 | NOTE | |
r-patched-linux-x86_64 | 0.2.6.2 | 9.28 | 117.95 | 127.23 | NOTE | |
r-release-linux-x86_64 | 0.2.6.2 | 11.12 | 118.16 | 129.28 | NOTE | |
r-release-macos-arm64 | 0.2.6.2 | 38.00 | NOTE | |||
r-release-macos-x86_64 | 0.2.6.2 | 63.00 | NOTE | |||
r-release-windows-x86_64 | 0.2.6.2 | 138.00 | 143.00 | 281.00 | NOTE | |
r-oldrel-macos-arm64 | 0.2.6.2 | 42.00 | NOTE | |||
r-oldrel-macos-x86_64 | 0.2.6.2 | 91.00 | NOTE | |||
r-oldrel-windows-ix86+x86_64 | 0.2.6.2 | 23.00 | 137.00 | 160.00 | OK |
Version: 0.2.6.2
Check: package dependencies
Result: NOTE
Package suggested but not available for checking: 'CAM'
Flavors: r-devel-linux-x86_64-debian-clang, r-devel-linux-x86_64-debian-gcc, r-devel-linux-x86_64-fedora-clang, r-devel-linux-x86_64-fedora-gcc, r-devel-windows-x86_64, r-patched-linux-x86_64, r-release-linux-x86_64, r-release-macos-x86_64, r-release-windows-x86_64, r-oldrel-macos-x86_64
Version: 0.2.6.2
Check: package dependencies
Result: NOTE
Packages suggested but not available for checking: 'pcalg', 'CAM'
Flavors: r-release-macos-arm64, r-oldrel-macos-arm64