Last updated on 2022-08-15 08:49:53 CEST.
Flavor | Version | Tinstall | Tcheck | Ttotal | Status | Flags |
---|---|---|---|---|---|---|
r-devel-linux-x86_64-debian-clang | 0.4.6.1 | 25.23 | 50.62 | 75.85 | OK | |
r-devel-linux-x86_64-debian-gcc | 0.4.6.1 | 26.75 | 38.57 | 65.32 | OK | |
r-devel-linux-x86_64-fedora-clang | 0.4.6.1 | 110.65 | NOTE | |||
r-devel-linux-x86_64-fedora-gcc | 0.4.6.1 | 116.54 | NOTE | |||
r-devel-windows-x86_64 | 0.4.6.1 | 38.00 | 98.00 | 136.00 | OK | |
r-patched-linux-x86_64 | 0.4.6.1 | 28.71 | 51.17 | 79.88 | OK | |
r-release-linux-x86_64 | 0.4.6.1 | 26.65 | 49.69 | 76.34 | OK | |
r-release-macos-arm64 | 0.4.6.1 | 33.00 | NOTE | |||
r-release-macos-x86_64 | 0.4.6.1 | 42.00 | NOTE | |||
r-release-windows-x86_64 | 0.4.6.1 | 39.00 | 100.00 | 139.00 | OK | |
r-oldrel-macos-arm64 | 0.4.6.1 | 38.00 | NOTE | |||
r-oldrel-macos-x86_64 | 0.4.6.1 | 61.00 | NOTE | |||
r-oldrel-windows-ix86+x86_64 | 0.4.6.1 | 69.00 | 155.00 | 224.00 | OK |
Version: 0.4.6.1
Check: compiled code
Result: NOTE
File ‘ConConPiWiFun/libs/ConConPiWiFun.so’:
Found no calls to: ‘R_registerRoutines’, ‘R_useDynamicSymbols’
It is good practice to register native routines and to disable symbol
search.
See ‘Writing portable packages’ in the ‘Writing R Extensions’ manual.
Flavors: r-devel-linux-x86_64-fedora-clang, r-devel-linux-x86_64-fedora-gcc
Version: 0.4.6.1
Check: installed package size
Result: NOTE
installed size is 5.5Mb
sub-directories of 1Mb or more:
libs 5.3Mb
Flavors: r-release-macos-arm64, r-release-macos-x86_64, r-oldrel-macos-arm64, r-oldrel-macos-x86_64