Last updated on 2022-08-15 08:49:53 CEST.
Flavor | Version | Tinstall | Tcheck | Ttotal | Status | Flags |
---|---|---|---|---|---|---|
r-devel-linux-x86_64-debian-clang | 0.1.2 | 17.16 | 175.75 | 192.91 | OK | |
r-devel-linux-x86_64-debian-gcc | 0.1.2 | 11.57 | 129.03 | 140.60 | OK | |
r-devel-linux-x86_64-fedora-clang | 0.1.2 | 247.40 | NOTE | |||
r-devel-linux-x86_64-fedora-gcc | 0.1.2 | 239.31 | NOTE | |||
r-devel-windows-x86_64 | 0.1.2 | 18.00 | 196.00 | 214.00 | OK | |
r-patched-linux-x86_64 | 0.1.2 | 13.27 | 168.37 | 181.64 | OK | |
r-release-linux-x86_64 | 0.1.2 | 16.11 | 166.55 | 182.66 | OK | |
r-release-macos-arm64 | 0.1.2 | 57.00 | NOTE | |||
r-release-macos-x86_64 | 0.1.2 | 99.00 | NOTE | |||
r-release-windows-x86_64 | 0.1.2 | 19.00 | 195.00 | 214.00 | OK | |
r-oldrel-macos-arm64 | 0.1.2 | 43.00 | NOTE | |||
r-oldrel-macos-x86_64 | 0.1.2 | 85.00 | NOTE | |||
r-oldrel-windows-ix86+x86_64 | 0.1.2 | 39.00 | 199.00 | 238.00 | OK |
Version: 0.1.2
Check: dependencies in R code
Result: NOTE
Namespaces in Imports field not imported from:
‘kernlab’ ‘purrr’ ‘survminer’ ‘tidyverse’
All declared Imports should be used.
Flavors: r-devel-linux-x86_64-fedora-clang, r-devel-linux-x86_64-fedora-gcc, r-release-macos-arm64, r-release-macos-x86_64, r-oldrel-macos-arm64, r-oldrel-macos-x86_64