Last updated on 2022-08-15 08:49:53 CEST.
Flavor | Version | Tinstall | Tcheck | Ttotal | Status | Flags |
---|---|---|---|---|---|---|
r-devel-linux-x86_64-debian-clang | 1.3.7 | 26.25 | 144.43 | 170.68 | OK | |
r-devel-linux-x86_64-debian-gcc | 1.3.7 | 18.11 | 104.86 | 122.97 | OK | |
r-devel-linux-x86_64-fedora-clang | 1.3.7 | 204.81 | OK | |||
r-devel-linux-x86_64-fedora-gcc | 1.3.7 | 213.56 | OK | |||
r-devel-windows-x86_64 | 1.3.7 | 51.00 | 159.00 | 210.00 | OK | |
r-patched-linux-x86_64 | 1.3.7 | 16.87 | 131.56 | 148.43 | OK | |
r-release-linux-x86_64 | 1.3.7 | 14.64 | 132.01 | 146.65 | OK | |
r-release-macos-arm64 | 1.3.7 | 55.00 | OK | |||
r-release-macos-x86_64 | 1.3.7 | 80.00 | OK | |||
r-release-windows-x86_64 | 1.3.7 | 76.00 | 158.00 | 234.00 | OK | |
r-oldrel-macos-arm64 | 1.3.7 | 49.00 | OK | |||
r-oldrel-macos-x86_64 | 1.3.7 | 74.00 | OK | |||
r-oldrel-windows-ix86+x86_64 | 1.3.7 | 23.00 | 11.00 | 34.00 | ERROR |
Version: 1.3.7
Check: whether package can be installed
Result: ERROR
Installation failed.
Flavor: r-oldrel-windows-ix86+x86_64