Last updated on 2022-08-15 08:49:53 CEST.
Flavor | Version | Tinstall | Tcheck | Ttotal | Status | Flags |
---|---|---|---|---|---|---|
r-devel-linux-x86_64-debian-clang | 1.0.2 | 6.31 | 61.56 | 67.87 | OK | |
r-devel-linux-x86_64-debian-gcc | 1.0.2 | 4.52 | 46.20 | 50.72 | OK | |
r-devel-linux-x86_64-fedora-clang | 1.0.2 | 86.63 | NOTE | |||
r-devel-linux-x86_64-fedora-gcc | 1.0.2 | 88.59 | OK | |||
r-devel-windows-x86_64 | 1.0.2 | 27.00 | 86.00 | 113.00 | NOTE | |
r-patched-linux-x86_64 | 1.0.2 | 5.46 | 59.09 | 64.55 | OK | |
r-release-linux-x86_64 | 1.0.2 | 5.99 | 58.02 | 64.01 | OK | |
r-release-macos-arm64 | 1.0.2 | 23.00 | NOTE | |||
r-release-macos-x86_64 | 1.0.2 | 38.00 | NOTE | |||
r-release-windows-x86_64 | 1.0.2 | 26.00 | 87.00 | 113.00 | NOTE | |
r-oldrel-macos-arm64 | 1.0.2 | 22.00 | NOTE | |||
r-oldrel-macos-x86_64 | 1.0.2 | 35.00 | NOTE | |||
r-oldrel-windows-ix86+x86_64 | 1.0.2 | 18.00 | 82.00 | 100.00 | NOTE |
Version: 1.0.2
Check: installed package size
Result: NOTE
installed size is 7.6Mb
sub-directories of 1Mb or more:
doc 2.3Mb
vignette_data 2.6Mb
Flavors: r-devel-linux-x86_64-fedora-clang, r-devel-windows-x86_64, r-release-macos-arm64, r-release-macos-x86_64, r-release-windows-x86_64, r-oldrel-macos-arm64, r-oldrel-macos-x86_64, r-oldrel-windows-ix86+x86_64