Last updated on 2022-08-15 08:49:53 CEST.
Flavor | Version | Tinstall | Tcheck | Ttotal | Status | Flags |
---|---|---|---|---|---|---|
r-devel-linux-x86_64-debian-clang | 0.1.6 | 3.53 | 76.67 | 80.20 | NOTE | |
r-devel-linux-x86_64-debian-gcc | 0.1.6 | 2.68 | 54.58 | 57.26 | NOTE | |
r-devel-linux-x86_64-fedora-clang | 0.1.6 | 102.20 | NOTE | |||
r-devel-linux-x86_64-fedora-gcc | 0.1.6 | 104.22 | NOTE | |||
r-devel-windows-x86_64 | 0.1.6 | 14.00 | 101.00 | 115.00 | NOTE | |
r-patched-linux-x86_64 | 0.1.6 | 3.51 | 73.73 | 77.24 | OK | |
r-release-linux-x86_64 | 0.1.6 | 3.06 | 71.40 | 74.46 | OK | |
r-release-macos-arm64 | 0.1.6 | 40.00 | OK | |||
r-release-macos-x86_64 | 0.1.6 | 44.00 | OK | |||
r-release-windows-x86_64 | 0.1.6 | 12.00 | 100.00 | 112.00 | OK | |
r-oldrel-macos-arm64 | 0.1.6 | 41.00 | OK | |||
r-oldrel-macos-x86_64 | 0.1.6 | 44.00 | OK | |||
r-oldrel-windows-ix86+x86_64 | 0.1.6 | 7.00 | 99.00 | 106.00 | OK |
Version: 0.1.6
Check: Rd files
Result: NOTE
checkRd: (-1) poss_local.Rd:21: Escaped LaTeX specials: \~
Flavors: r-devel-linux-x86_64-debian-clang, r-devel-linux-x86_64-debian-gcc, r-devel-linux-x86_64-fedora-clang, r-devel-linux-x86_64-fedora-gcc, r-devel-windows-x86_64