Last updated on 2022-08-15 08:49:53 CEST.
Flavor | Version | Tinstall | Tcheck | Ttotal | Status | Flags |
---|---|---|---|---|---|---|
r-devel-linux-x86_64-debian-clang | 3.0 | 9.65 | 99.31 | 108.96 | OK | |
r-devel-linux-x86_64-debian-gcc | 3.0 | 7.84 | 75.94 | 83.78 | OK | |
r-devel-linux-x86_64-fedora-clang | 3.0 | 144.91 | NOTE | |||
r-devel-linux-x86_64-fedora-gcc | 3.0 | 149.59 | OK | |||
r-devel-windows-x86_64 | 3.0 | 38.00 | 150.00 | 188.00 | OK | |
r-patched-linux-x86_64 | 3.0 | 10.95 | 96.20 | 107.15 | OK | |
r-release-linux-x86_64 | 3.0 | 9.82 | 95.79 | 105.61 | OK | |
r-release-macos-arm64 | 3.0 | 43.00 | OK | |||
r-release-macos-x86_64 | 3.0 | 60.00 | OK | |||
r-release-windows-x86_64 | 3.0 | 35.00 | 147.00 | 182.00 | OK | |
r-oldrel-macos-arm64 | 3.0 | 52.00 | OK | |||
r-oldrel-macos-x86_64 | 3.0 | 87.00 | OK | |||
r-oldrel-windows-ix86+x86_64 | 3.0 | 23.00 | 129.00 | 152.00 | OK |
Version: 3.0
Check: Rd cross-references
Result: NOTE
Undeclared package ‘betareg’ in Rd xrefs
Flavor: r-devel-linux-x86_64-fedora-clang