Last updated on 2022-08-15 08:49:53 CEST.
Flavor | Version | Tinstall | Tcheck | Ttotal | Status | Flags |
---|---|---|---|---|---|---|
r-devel-linux-x86_64-debian-clang | 1.0 | 7.11 | 285.63 | 292.74 | NOTE | |
r-devel-linux-x86_64-debian-gcc | 1.0 | 6.74 | 203.49 | 210.23 | NOTE | |
r-devel-linux-x86_64-fedora-clang | 1.0 | 336.30 | NOTE | |||
r-devel-linux-x86_64-fedora-gcc | 1.0 | 367.96 | NOTE | |||
r-devel-windows-x86_64 | 1.0 | 17.00 | 296.00 | 313.00 | OK | |
r-patched-linux-x86_64 | 1.0 | 6.38 | 268.24 | 274.62 | NOTE | |
r-release-linux-x86_64 | 1.0 | 6.42 | 268.77 | 275.19 | NOTE | |
r-release-macos-arm64 | 1.0 | 77.00 | OK | |||
r-release-macos-x86_64 | 1.0 | 133.00 | OK | |||
r-release-windows-x86_64 | 1.0 | 19.00 | 292.00 | 311.00 | OK | |
r-oldrel-macos-arm64 | 1.0 | 84.00 | OK | |||
r-oldrel-macos-x86_64 | 1.0 | 170.00 | OK | |||
r-oldrel-windows-ix86+x86_64 | 1.0 | 17.00 | 91.00 | 108.00 | OK |
Version: 1.0
Check: package dependencies
Result: NOTE
Package suggested but not available for checking: 'spcov'
Flavors: r-devel-linux-x86_64-debian-clang, r-devel-linux-x86_64-debian-gcc, r-devel-linux-x86_64-fedora-clang, r-devel-linux-x86_64-fedora-gcc, r-patched-linux-x86_64, r-release-linux-x86_64