Last updated on 2022-08-15 08:49:53 CEST.
Flavor | Version | Tinstall | Tcheck | Ttotal | Status | Flags |
---|---|---|---|---|---|---|
r-devel-linux-x86_64-debian-clang | 2.60 | 6.30 | 85.14 | 91.44 | OK | |
r-devel-linux-x86_64-debian-gcc | 2.60 | 5.42 | 69.00 | 74.42 | OK | |
r-devel-linux-x86_64-fedora-clang | 2.60 | 119.90 | OK | |||
r-devel-linux-x86_64-fedora-gcc | 2.60 | 126.44 | OK | |||
r-devel-windows-x86_64 | 2.60 | 22.00 | 126.00 | 148.00 | OK | |
r-patched-linux-x86_64 | 2.60 | 5.71 | 81.94 | 87.65 | OK | |
r-release-linux-x86_64 | 2.60 | 6.91 | 84.05 | 90.96 | OK | |
r-release-macos-arm64 | 2.60 | 44.00 | NOTE | |||
r-release-macos-x86_64 | 2.60 | 56.00 | OK | |||
r-release-windows-x86_64 | 2.60 | 23.00 | 121.00 | 144.00 | OK | |
r-oldrel-macos-arm64 | 2.60 | 55.00 | NOTE | |||
r-oldrel-macos-x86_64 | 2.60 | 86.00 | OK | |||
r-oldrel-windows-ix86+x86_64 | 2.60 | 12.00 | 116.00 | 128.00 | OK |
Version: 2.60
Check: package dependencies
Result: NOTE
Package suggested but not available for checking: ‘qvalue’
Flavors: r-release-macos-arm64, r-oldrel-macos-arm64