Last updated on 2022-08-15 08:49:53 CEST.
Flavor | Version | Tinstall | Tcheck | Ttotal | Status | Flags |
---|---|---|---|---|---|---|
r-devel-linux-x86_64-debian-clang | 1.2.7 | 10.40 | 115.59 | 125.99 | OK | |
r-devel-linux-x86_64-debian-gcc | 1.2.7 | 8.10 | 84.56 | 92.66 | OK | |
r-devel-linux-x86_64-fedora-clang | 1.2.7 | 163.78 | NOTE | |||
r-devel-linux-x86_64-fedora-gcc | 1.2.7 | 167.84 | OK | |||
r-devel-windows-x86_64 | 1.2.7 | 46.00 | 176.00 | 222.00 | OK | |
r-patched-linux-x86_64 | 1.2.7 | 13.01 | 107.26 | 120.27 | OK | |
r-release-linux-x86_64 | 1.2.7 | 9.94 | 108.17 | 118.11 | OK | |
r-release-macos-arm64 | 1.2.7 | 44.00 | OK | |||
r-release-macos-x86_64 | 1.2.7 | 70.00 | OK | |||
r-release-windows-x86_64 | 1.2.7 | 25.00 | 175.00 | 200.00 | OK | |
r-oldrel-macos-arm64 | 1.2.7 | 43.00 | OK | |||
r-oldrel-macos-x86_64 | 1.2.7 | 60.00 | OK | |||
r-oldrel-windows-ix86+x86_64 | 1.2.7 | 25.00 | 151.00 | 176.00 | OK |
Version: 1.2.7
Check: Rd cross-references
Result: NOTE
Undeclared package ‘copula’ in Rd xrefs
Flavor: r-devel-linux-x86_64-fedora-clang