Last updated on 2022-08-15 08:49:54 CEST.
Flavor | Version | Tinstall | Tcheck | Ttotal | Status | Flags |
---|---|---|---|---|---|---|
r-devel-linux-x86_64-debian-clang | 3.2.1 | 203.77 | 131.67 | 335.44 | OK | |
r-devel-linux-x86_64-debian-gcc | 3.2.1 | 182.97 | 100.22 | 283.19 | OK | |
r-devel-linux-x86_64-fedora-clang | 3.2.1 | 477.44 | NOTE | |||
r-devel-linux-x86_64-fedora-gcc | 3.2.1 | 506.13 | OK | |||
r-devel-windows-x86_64 | 3.2.1 | 248.00 | 195.00 | 443.00 | OK | |
r-patched-linux-x86_64 | 3.2.1 | 189.87 | 125.64 | 315.51 | OK | |
r-release-linux-x86_64 | 3.2.1 | 192.99 | 126.44 | 319.43 | OK | |
r-release-macos-arm64 | 3.2.1 | 109.00 | NOTE | |||
r-release-macos-x86_64 | 3.2.1 | 158.00 | NOTE | |||
r-release-windows-x86_64 | 3.2.1 | 209.00 | 190.00 | 399.00 | OK | |
r-oldrel-macos-arm64 | 3.2.1 | 99.00 | NOTE | |||
r-oldrel-macos-x86_64 | 3.2.1 | 154.00 | NOTE | |||
r-oldrel-windows-ix86+x86_64 | 3.2.1 | 380.00 | 254.00 | 634.00 | WARN |
Version: 3.2.1
Check: installed package size
Result: NOTE
installed size is 6.6Mb
sub-directories of 1Mb or more:
libs 5.8Mb
Flavors: r-devel-linux-x86_64-fedora-clang, r-release-macos-arm64, r-release-macos-x86_64, r-oldrel-macos-arm64, r-oldrel-macos-x86_64, r-oldrel-windows-ix86+x86_64
Version: 3.2.1
Check: for unstated dependencies in ‘tests’
Result: WARN
Warning: unable to access index for repository https://bioconductor.org/packages/3.14/bioc/src/contrib:
cannot open URL 'https://bioconductor.org/packages/3.14/bioc/src/contrib/PACKAGES'
Warning: unable to access index for repository https://bioconductor.org/packages/3.14/data/annotation/src/contrib:
cannot open URL 'https://bioconductor.org/packages/3.14/data/annotation/src/contrib/PACKAGES'
Warning: unable to access index for repository https://bioconductor.org/packages/3.14/data/experiment/src/contrib:
cannot open URL 'https://bioconductor.org/packages/3.14/data/experiment/src/contrib/PACKAGES'
Flavor: r-oldrel-windows-ix86+x86_64