Last updated on 2022-08-15 08:49:54 CEST.
Flavor | Version | Tinstall | Tcheck | Ttotal | Status | Flags |
---|---|---|---|---|---|---|
r-devel-linux-x86_64-debian-clang | 2.0.0 | 9.62 | 51.66 | 61.28 | NOTE | |
r-devel-linux-x86_64-debian-gcc | 2.0.0 | 8.91 | 39.55 | 48.46 | NOTE | |
r-devel-linux-x86_64-fedora-clang | 2.0.0 | 91.73 | NOTE | |||
r-devel-linux-x86_64-fedora-gcc | 2.0.0 | 90.96 | NOTE | |||
r-devel-windows-x86_64 | 2.0.0 | 177.00 | 92.00 | 269.00 | OK | |
r-patched-linux-x86_64 | 2.0.0 | 9.31 | 48.30 | 57.61 | OK | |
r-release-linux-x86_64 | 2.0.0 | 12.51 | 48.08 | 60.59 | OK | |
r-release-macos-arm64 | 2.0.0 | 30.00 | OK | |||
r-release-macos-x86_64 | 2.0.0 | 39.00 | OK | |||
r-release-windows-x86_64 | 2.0.0 | 149.00 | 88.00 | 237.00 | OK | |
r-oldrel-macos-arm64 | 2.0.0 | 28.00 | OK | |||
r-oldrel-macos-x86_64 | 2.0.0 | 39.00 | OK | |||
r-oldrel-windows-ix86+x86_64 | 2.0.0 | 20.00 | 76.00 | 96.00 | OK |
Version: 2.0.0
Check: HTML version of manual
Result: NOTE
Found the following HTML validation problems:
spade.html:201:125: Warning: nested emphasis <strong>
Flavors: r-devel-linux-x86_64-debian-clang, r-devel-linux-x86_64-debian-gcc, r-devel-linux-x86_64-fedora-clang, r-devel-linux-x86_64-fedora-gcc