Last updated on 2022-08-15 08:49:54 CEST.
Flavor | Version | Tinstall | Tcheck | Ttotal | Status | Flags |
---|---|---|---|---|---|---|
r-devel-linux-x86_64-debian-clang | 1.2.0 | 21.18 | 188.59 | 209.77 | OK | |
r-devel-linux-x86_64-debian-gcc | 1.2.0 | 16.41 | 138.23 | 154.64 | OK | |
r-devel-linux-x86_64-fedora-clang | 1.2.0 | 257.00 | NOTE | |||
r-devel-linux-x86_64-fedora-gcc | 1.2.0 | 260.78 | OK | |||
r-devel-windows-x86_64 | 1.2.0 | 26.00 | 206.00 | 232.00 | NOTE | |
r-patched-linux-x86_64 | 1.2.0 | 17.52 | 177.70 | 195.22 | OK | |
r-release-linux-x86_64 | 1.2.0 | 15.83 | 174.64 | 190.47 | OK | |
r-release-macos-arm64 | 1.2.0 | 69.00 | NOTE | |||
r-release-macos-x86_64 | 1.2.0 | 117.00 | NOTE | |||
r-release-windows-x86_64 | 1.2.0 | 24.00 | 203.00 | 227.00 | NOTE | |
r-oldrel-macos-arm64 | 1.2.0 | 383.00 | NOTE | |||
r-oldrel-macos-x86_64 | 1.2.0 | 104.00 | NOTE | |||
r-oldrel-windows-ix86+x86_64 | 1.2.0 | 44.00 | 201.00 | 245.00 | NOTE |
Version: 1.2.0
Check: installed package size
Result: NOTE
installed size is 5.2Mb
sub-directories of 1Mb or more:
doc 4.4Mb
Flavors: r-devel-linux-x86_64-fedora-clang, r-devel-windows-x86_64, r-release-macos-arm64, r-release-macos-x86_64, r-release-windows-x86_64, r-oldrel-macos-arm64, r-oldrel-macos-x86_64, r-oldrel-windows-ix86+x86_64