Last updated on 2022-08-15 08:49:54 CEST.
Flavor | Version | Tinstall | Tcheck | Ttotal | Status | Flags |
---|---|---|---|---|---|---|
r-devel-linux-x86_64-debian-clang | 4.2.0 | 141.11 | 596.78 | 737.89 | OK | |
r-devel-linux-x86_64-debian-gcc | 4.2.0 | 91.81 | 488.94 | 580.75 | OK | |
r-devel-linux-x86_64-fedora-clang | 4.2.0 | 998.37 | OK | |||
r-devel-linux-x86_64-fedora-gcc | 4.2.0 | 888.96 | OK | |||
r-devel-windows-x86_64 | 4.2.0 | 210.00 | 686.00 | 896.00 | NOTE | |
r-patched-linux-x86_64 | 4.2.0 | 119.56 | 593.38 | 712.94 | OK | |
r-release-linux-x86_64 | 4.2.0 | 107.12 | 683.94 | 791.06 | OK | |
r-release-macos-arm64 | 4.2.0 | 201.00 | NOTE | |||
r-release-macos-x86_64 | 4.2.0 | 300.00 | NOTE | |||
r-release-windows-x86_64 | 4.2.0 | 276.00 | 620.00 | 896.00 | NOTE | |
r-oldrel-macos-arm64 | 4.2.0 | 198.00 | NOTE | |||
r-oldrel-macos-x86_64 | 4.2.0 | 268.00 | NOTE | |||
r-oldrel-windows-ix86+x86_64 | 4.2.0 | 236.00 | 955.00 | 1191.00 | NOTE |
Version: 4.2.0
Check: package dependencies
Result: NOTE
Package which this enhances but not available for checking: 'doMC'
Flavors: r-devel-windows-x86_64, r-release-windows-x86_64, r-oldrel-windows-ix86+x86_64
Version: 4.2.0
Check: installed package size
Result: NOTE
installed size is 29.6Mb
sub-directories of 1Mb or more:
libs 27.7Mb
Flavors: r-release-macos-arm64, r-release-macos-x86_64, r-oldrel-macos-arm64, r-oldrel-macos-x86_64, r-oldrel-windows-ix86+x86_64