Last updated on 2022-08-15 08:49:54 CEST.
Flavor | Version | Tinstall | Tcheck | Ttotal | Status | Flags |
---|---|---|---|---|---|---|
r-devel-linux-x86_64-debian-clang | 1.7.2 | 32.27 | 261.26 | 293.53 | OK | |
r-devel-linux-x86_64-debian-gcc | 1.7.2 | 25.22 | 195.78 | 221.00 | OK | |
r-devel-linux-x86_64-fedora-clang | 1.7.2 | 357.64 | NOTE | |||
r-devel-linux-x86_64-fedora-gcc | 1.7.2 | 384.58 | OK | |||
r-devel-windows-x86_64 | 1.7.2 | 60.00 | 294.00 | 354.00 | OK | |
r-patched-linux-x86_64 | 1.7.2 | 37.99 | 248.49 | 286.48 | OK | |
r-release-linux-x86_64 | 1.7.2 | 28.08 | 246.66 | 274.74 | OK | |
r-release-macos-arm64 | 1.7.2 | 138.00 | OK | |||
r-release-macos-x86_64 | 1.7.2 | 258.00 | OK | |||
r-release-windows-x86_64 | 1.7.2 | 55.00 | 281.00 | 336.00 | OK | |
r-oldrel-macos-arm64 | 1.7.2 | 114.00 | OK | |||
r-oldrel-macos-x86_64 | 1.7.2 | 203.00 | OK | |||
r-oldrel-windows-ix86+x86_64 | 1.7.2 | 60.00 | 294.00 | 354.00 | OK |
Version: 1.7.2
Check: package dependencies
Result: NOTE
Imports includes 25 non-default packages.
Importing from so many packages makes the package vulnerable to any of
them becoming unavailable. Move as many as possible to Suggests and
use conditionally.
Flavor: r-devel-linux-x86_64-fedora-clang