Last updated on 2022-08-15 08:49:54 CEST.
Flavor | Version | Tinstall | Tcheck | Ttotal | Status | Flags |
---|---|---|---|---|---|---|
r-devel-linux-x86_64-debian-clang | 2.0.5 | 19.04 | 41.62 | 60.66 | NOTE | |
r-devel-linux-x86_64-debian-gcc | 2.0.5 | 14.97 | 31.33 | 46.30 | NOTE | |
r-devel-linux-x86_64-fedora-clang | 2.0.5 | 89.66 | NOTE | |||
r-devel-linux-x86_64-fedora-gcc | 2.0.5 | 84.87 | NOTE | |||
r-devel-windows-x86_64 | 2.0.5 | 31.00 | 95.00 | 126.00 | NOTE | |
r-patched-linux-x86_64 | 2.0.5 | 15.31 | 39.02 | 54.33 | OK | |
r-release-linux-x86_64 | 2.0.5 | 16.34 | 39.37 | 55.71 | OK | |
r-release-macos-arm64 | 2.0.5 | 26.00 | OK | |||
r-release-macos-x86_64 | 2.0.5 | 35.00 | OK | |||
r-release-windows-x86_64 | 2.0.5 | 32.00 | 93.00 | 125.00 | OK | |
r-oldrel-macos-arm64 | 2.0.5 | 41.00 | OK | |||
r-oldrel-macos-x86_64 | 2.0.5 | 66.00 | OK | |||
r-oldrel-windows-ix86+x86_64 | 2.0.5 | 48.00 | 87.00 | 135.00 | OK |
Version: 2.0.5
Check: package subdirectories
Result: NOTE
Problems with news in 'NEWS.md':
No news entries found.
Flavors: r-devel-linux-x86_64-debian-clang, r-devel-linux-x86_64-debian-gcc, r-devel-linux-x86_64-fedora-clang, r-devel-linux-x86_64-fedora-gcc, r-devel-windows-x86_64