Last updated on 2022-08-15 08:49:54 CEST.
Flavor | Version | Tinstall | Tcheck | Ttotal | Status | Flags |
---|---|---|---|---|---|---|
r-devel-linux-x86_64-debian-clang | 0.5.3 | 335.99 | 114.67 | 450.66 | NOTE | |
r-devel-linux-x86_64-debian-gcc | 0.5.3 | 268.07 | 93.13 | 361.20 | NOTE | |
r-devel-linux-x86_64-fedora-clang | 0.5.3 | 529.98 | NOTE | |||
r-devel-linux-x86_64-fedora-gcc | 0.5.3 | 603.74 | NOTE | |||
r-devel-windows-x86_64 | 0.5.3 | 178.00 | 182.00 | 360.00 | NOTE | |
r-patched-linux-x86_64 | 0.5.3 | 209.19 | 123.66 | 332.85 | NOTE | |
r-release-linux-x86_64 | 0.5.3 | 195.17 | 121.00 | 316.17 | NOTE | |
r-release-macos-arm64 | 0.5.3 | 160.00 | NOTE | |||
r-release-macos-x86_64 | 0.5.3 | 273.00 | NOTE | |||
r-release-windows-x86_64 | 0.5.3 | 178.00 | 177.00 | 355.00 | NOTE | |
r-oldrel-macos-arm64 | 0.5.3 | 182.00 | NOTE | |||
r-oldrel-macos-x86_64 | 0.5.3 | 263.00 | NOTE | |||
r-oldrel-windows-ix86+x86_64 | 0.5.3 | 619.00 | 204.00 | 823.00 | NOTE |
Version: 0.5.3
Check: for GNU extensions in Makefiles
Result: NOTE
GNU make is a SystemRequirements.
Flavors: r-devel-linux-x86_64-debian-clang, r-devel-linux-x86_64-debian-gcc, r-devel-linux-x86_64-fedora-clang, r-devel-linux-x86_64-fedora-gcc, r-devel-windows-x86_64, r-patched-linux-x86_64, r-release-linux-x86_64, r-release-macos-arm64, r-release-macos-x86_64, r-release-windows-x86_64, r-oldrel-macos-arm64, r-oldrel-macos-x86_64, r-oldrel-windows-ix86+x86_64
Version: 0.5.3
Check: data for non-ASCII characters
Result: NOTE
Note: found 38 marked UTF-8 strings
Flavors: r-devel-linux-x86_64-fedora-clang, r-devel-linux-x86_64-fedora-gcc, r-release-macos-arm64, r-release-macos-x86_64, r-oldrel-macos-arm64, r-oldrel-macos-x86_64
Version: 0.5.3
Check: installed package size
Result: NOTE
installed size is 52.1Mb
sub-directories of 1Mb or more:
libs 51.7Mb
Flavors: r-release-macos-arm64, r-release-macos-x86_64, r-oldrel-macos-arm64, r-oldrel-macos-x86_64, r-oldrel-windows-ix86+x86_64