Last updated on 2022-08-15 08:49:54 CEST.
Flavor | Version | Tinstall | Tcheck | Ttotal | Status | Flags |
---|---|---|---|---|---|---|
r-devel-linux-x86_64-debian-clang | 1.0-1 | 30.98 | 420.61 | 451.59 | NOTE | |
r-devel-linux-x86_64-debian-gcc | 1.0-1 | 29.24 | 300.97 | 330.21 | NOTE | |
r-devel-linux-x86_64-fedora-clang | 1.0-1 | 522.04 | NOTE | |||
r-devel-linux-x86_64-fedora-gcc | 1.0-1 | 576.13 | NOTE | |||
r-devel-windows-x86_64 | 1.0-1 | 43.00 | 313.00 | 356.00 | NOTE | --no-vignettes |
r-patched-linux-x86_64 | 1.0-1 | 35.28 | 395.82 | 431.10 | NOTE | |
r-release-linux-x86_64 | 1.0-1 | 32.01 | 390.11 | 422.12 | NOTE | |
r-release-macos-arm64 | 1.0-1 | 396.00 | NOTE | |||
r-release-macos-x86_64 | 1.0-1 | 813.00 | NOTE | |||
r-release-windows-x86_64 | 1.0-1 | 53.00 | 314.00 | 367.00 | NOTE | --no-vignettes |
r-oldrel-macos-arm64 | 1.0-1 | 734.00 | NOTE | |||
r-oldrel-macos-x86_64 | 1.0-1 | 1215.00 | NOTE | |||
r-oldrel-windows-ix86+x86_64 | 1.0-1 | 76.00 | 345.00 | 421.00 | OK | --no-vignettes |
Version: 1.0-1
Check: package dependencies
Result: NOTE
Package suggested but not available for checking: 'INLA'
Flavors: r-devel-linux-x86_64-debian-clang, r-devel-linux-x86_64-debian-gcc, r-patched-linux-x86_64, r-release-linux-x86_64, r-release-macos-arm64, r-release-macos-x86_64, r-oldrel-macos-arm64, r-oldrel-macos-x86_64
Version: 1.0-1
Check: data for non-ASCII characters
Result: NOTE
Note: found 2 marked Latin-1 strings
Flavors: r-devel-linux-x86_64-fedora-clang, r-devel-linux-x86_64-fedora-gcc, r-release-macos-arm64, r-release-macos-x86_64, r-oldrel-macos-arm64, r-oldrel-macos-x86_64
Version: 1.0-1
Flags: --no-vignettes
Check: package dependencies
Result: NOTE
Package suggested but not available for checking: 'INLA'
Flavors: r-devel-windows-x86_64, r-release-windows-x86_64