Last updated on 2022-08-15 08:49:54 CEST.
Flavor | Version | Tinstall | Tcheck | Ttotal | Status | Flags |
---|---|---|---|---|---|---|
r-devel-linux-x86_64-debian-clang | 1.1.2 | 4.35 | 45.98 | 50.33 | OK | |
r-devel-linux-x86_64-debian-gcc | 1.1.2 | 3.01 | 34.30 | 37.31 | OK | |
r-devel-linux-x86_64-fedora-clang | 1.1.2 | 70.01 | NOTE | |||
r-devel-linux-x86_64-fedora-gcc | 1.1.2 | 70.62 | NOTE | |||
r-devel-windows-x86_64 | 1.1.2 | 20.00 | 87.00 | 107.00 | OK | |
r-patched-linux-x86_64 | 1.1.2 | 4.15 | 43.45 | 47.60 | OK | |
r-release-linux-x86_64 | 1.1.2 | 2.82 | 44.18 | 47.00 | OK | |
r-release-macos-arm64 | 1.1.2 | 29.00 | OK | |||
r-release-macos-x86_64 | 1.1.2 | 37.00 | OK | |||
r-release-windows-x86_64 | 1.1.2 | 18.00 | 84.00 | 102.00 | OK | |
r-oldrel-macos-arm64 | 1.1.2 | 31.00 | OK | |||
r-oldrel-macos-x86_64 | 1.1.2 | 48.00 | OK | |||
r-oldrel-windows-ix86+x86_64 | 1.1.2 | 10.00 | 77.00 | 87.00 | OK |
Version: 1.1.2
Check: compiled code
Result: NOTE
File ‘DDHFm/libs/DDHFm.so’:
Found no calls to: ‘R_registerRoutines’, ‘R_useDynamicSymbols’
It is good practice to register native routines and to disable symbol
search.
See ‘Writing portable packages’ in the ‘Writing R Extensions’ manual.
Flavors: r-devel-linux-x86_64-fedora-clang, r-devel-linux-x86_64-fedora-gcc