Last updated on 2022-08-15 08:49:54 CEST.
Flavor | Version | Tinstall | Tcheck | Ttotal | Status | Flags |
---|---|---|---|---|---|---|
r-devel-linux-x86_64-debian-clang | 1.0 | 3.41 | 25.31 | 28.72 | NOTE | |
r-devel-linux-x86_64-debian-gcc | 1.0 | 2.10 | 19.19 | 21.29 | NOTE | |
r-devel-linux-x86_64-fedora-clang | 1.0 | 43.99 | NOTE | |||
r-devel-linux-x86_64-fedora-gcc | 1.0 | 43.36 | NOTE | |||
r-devel-windows-x86_64 | 1.0 | 12.00 | 50.00 | 62.00 | NOTE | |
r-patched-linux-x86_64 | 1.0 | 3.17 | 24.62 | 27.79 | OK | |
r-release-linux-x86_64 | 1.0 | 2.65 | 24.71 | 27.36 | OK | |
r-release-macos-arm64 | 1.0 | 16.00 | OK | |||
r-release-macos-x86_64 | 1.0 | 20.00 | OK | |||
r-release-windows-x86_64 | 1.0 | 12.00 | 47.00 | 59.00 | OK | |
r-oldrel-macos-arm64 | 1.0 | 19.00 | OK | |||
r-oldrel-macos-x86_64 | 1.0 | 28.00 | OK | |||
r-oldrel-windows-ix86+x86_64 | 1.0 | 6.00 | 43.00 | 49.00 | OK |
Version: 1.0
Check: Rd files
Result: NOTE
checkRd: (-1) scramb.Rd:44: Escaped LaTeX specials: \&
Flavors: r-devel-linux-x86_64-debian-clang, r-devel-linux-x86_64-debian-gcc, r-devel-linux-x86_64-fedora-clang, r-devel-linux-x86_64-fedora-gcc, r-devel-windows-x86_64