Last updated on 2022-08-15 08:49:54 CEST.
Flavor | Version | Tinstall | Tcheck | Ttotal | Status | Flags |
---|---|---|---|---|---|---|
r-devel-linux-x86_64-debian-clang | 1.0.6 | 6.28 | 165.03 | 171.31 | OK | |
r-devel-linux-x86_64-debian-gcc | 1.0.6 | 5.25 | 119.44 | 124.69 | OK | |
r-devel-linux-x86_64-fedora-clang | 1.0.6 | 207.39 | OK | |||
r-devel-linux-x86_64-fedora-gcc | 1.0.6 | 227.84 | OK | |||
r-devel-windows-x86_64 | 1.0.6 | 37.00 | 210.00 | 247.00 | OK | |
r-patched-linux-x86_64 | 1.0.6 | 7.68 | 154.48 | 162.16 | OK | |
r-release-linux-x86_64 | 1.0.6 | 4.96 | 155.80 | 160.76 | OK | |
r-release-macos-arm64 | 1.0.6 | 74.00 | OK | |||
r-release-macos-x86_64 | 1.0.6 | 86.00 | OK | |||
r-release-windows-x86_64 | 1.0.6 | 37.00 | 222.00 | 259.00 | OK | |
r-oldrel-macos-arm64 | 1.0.6 | 38.00 | NOTE | |||
r-oldrel-macos-x86_64 | 1.0.6 | 79.00 | OK | |||
r-oldrel-windows-ix86+x86_64 | 1.0.6 | 16.00 | 204.00 | 220.00 | OK |
Version: 1.0.6
Check: package dependencies
Result: NOTE
Package suggested but not available for checking: ‘IHW’
Flavor: r-oldrel-macos-arm64