Last updated on 2022-08-15 08:49:54 CEST.
Flavor | Version | Tinstall | Tcheck | Ttotal | Status | Flags |
---|---|---|---|---|---|---|
r-devel-linux-x86_64-debian-clang | 1.0.1 | 4.07 | 31.19 | 35.26 | OK | |
r-devel-linux-x86_64-debian-gcc | 1.0.1 | 3.50 | 23.86 | 27.36 | OK | |
r-devel-linux-x86_64-fedora-clang | 1.0.1 | 52.53 | NOTE | |||
r-devel-linux-x86_64-fedora-gcc | 1.0.1 | 52.78 | NOTE | |||
r-devel-windows-x86_64 | 1.0.1 | 22.00 | 63.00 | 85.00 | OK | |
r-patched-linux-x86_64 | 1.0.1 | 4.87 | 29.30 | 34.17 | OK | |
r-release-linux-x86_64 | 1.0.1 | 4.02 | 29.38 | 33.40 | OK | |
r-release-macos-arm64 | 1.0.1 | 18.00 | OK | |||
r-release-macos-x86_64 | 1.0.1 | 25.00 | OK | |||
r-release-windows-x86_64 | 1.0.1 | 16.00 | 61.00 | 77.00 | OK | |
r-oldrel-macos-arm64 | 1.0.1 | 24.00 | OK | |||
r-oldrel-macos-x86_64 | 1.0.1 | 36.00 | OK | |||
r-oldrel-windows-ix86+x86_64 | 1.0.1 | 12.00 | 51.00 | 63.00 | OK |
Version: 1.0.1
Check: compiled code
Result: NOTE
File ‘DIRECT/libs/DIRECT.so’:
Found no calls to: ‘R_registerRoutines’, ‘R_useDynamicSymbols’
It is good practice to register native routines and to disable symbol
search.
See ‘Writing portable packages’ in the ‘Writing R Extensions’ manual.
Flavors: r-devel-linux-x86_64-fedora-clang, r-devel-linux-x86_64-fedora-gcc