Last updated on 2022-08-15 08:49:54 CEST.
Flavor | Version | Tinstall | Tcheck | Ttotal | Status | Flags |
---|---|---|---|---|---|---|
r-devel-linux-x86_64-debian-clang | 1.2.0 | 68.17 | 512.69 | 580.86 | NOTE | |
r-devel-linux-x86_64-debian-gcc | 1.2.0 | 57.81 | 373.37 | 431.18 | NOTE | |
r-devel-linux-x86_64-fedora-clang | 1.2.0 | 691.89 | NOTE | |||
r-devel-linux-x86_64-fedora-gcc | 1.2.0 | 751.25 | NOTE | |||
r-devel-windows-x86_64 | 1.2.0 | 108.00 | 469.00 | 577.00 | NOTE | |
r-patched-linux-x86_64 | 1.2.0 | 62.48 | 482.28 | 544.76 | OK | |
r-release-linux-x86_64 | 1.2.0 | 60.17 | 481.60 | 541.77 | OK | |
r-release-macos-arm64 | 1.2.0 | 177.00 | OK | |||
r-release-macos-x86_64 | 1.2.0 | 331.00 | OK | |||
r-release-windows-x86_64 | 1.2.0 | 99.00 | 463.00 | 562.00 | OK | |
r-oldrel-macos-arm64 | 1.2.0 | 213.00 | OK | |||
r-oldrel-macos-x86_64 | 1.2.0 | 214.00 | OK | |||
r-oldrel-windows-ix86+x86_64 | 1.2.0 | 130.00 | 475.00 | 605.00 | OK |
Version: 1.2.0
Check: Rd files
Result: NOTE
checkRd: (-1) sammy.Rd:51: Escaped LaTeX specials: \$
Flavors: r-devel-linux-x86_64-debian-clang, r-devel-linux-x86_64-debian-gcc, r-devel-linux-x86_64-fedora-clang, r-devel-linux-x86_64-fedora-gcc, r-devel-windows-x86_64