Last updated on 2022-08-15 08:49:54 CEST.
Flavor | Version | Tinstall | Tcheck | Ttotal | Status | Flags |
---|---|---|---|---|---|---|
r-devel-linux-x86_64-debian-clang | 6.0.6 | 106.10 | 127.64 | 233.74 | NOTE | |
r-devel-linux-x86_64-debian-gcc | 6.0.6 | 80.15 | 92.48 | 172.63 | NOTE | |
r-devel-linux-x86_64-fedora-clang | 6.0.6 | 287.62 | NOTE | |||
r-devel-linux-x86_64-fedora-gcc | 6.0.6 | 293.55 | NOTE | |||
r-devel-windows-x86_64 | 6.0.6 | 115.00 | 196.00 | 311.00 | NOTE | --no-vignettes |
r-patched-linux-x86_64 | 6.0.6 | 66.93 | 117.72 | 184.65 | OK | |
r-release-linux-x86_64 | 6.0.6 | 65.97 | 114.31 | 180.28 | OK | |
r-release-macos-arm64 | 6.0.6 | 72.00 | NOTE | |||
r-release-macos-x86_64 | 6.0.6 | 101.00 | NOTE | |||
r-release-windows-x86_64 | 6.0.6 | 90.00 | 198.00 | 288.00 | NOTE | --no-vignettes |
r-oldrel-macos-arm64 | 6.0.6 | 72.00 | NOTE | |||
r-oldrel-macos-x86_64 | 6.0.6 | 99.00 | NOTE | |||
r-oldrel-windows-ix86+x86_64 | 6.0.6 | 199.00 | 234.00 | 433.00 | NOTE | --no-vignettes |
Version: 6.0.6
Check: package subdirectories
Result: NOTE
Problems with news in 'NEWS.md':
Cannot extract version info from the following section titles:
Changes to previous versions
Minor changes
Fixes
Previous Versions
Flavors: r-devel-linux-x86_64-debian-clang, r-devel-linux-x86_64-debian-gcc, r-devel-linux-x86_64-fedora-clang, r-devel-linux-x86_64-fedora-gcc
Version: 6.0.6
Flags: --no-vignettes
Check: installed package size
Result: NOTE
installed size is 14.2Mb
sub-directories of 1Mb or more:
libs 13.5Mb
Flavors: r-devel-windows-x86_64, r-release-windows-x86_64, r-oldrel-windows-ix86+x86_64
Version: 6.0.6
Flags: --no-vignettes
Check: package subdirectories
Result: NOTE
Problems with news in 'NEWS.md':
Cannot extract version info from the following section titles:
Changes to previous versions
Minor changes
Fixes
Previous Versions
Flavor: r-devel-windows-x86_64
Version: 6.0.6
Check: installed package size
Result: NOTE
installed size is 34.2Mb
sub-directories of 1Mb or more:
libs 33.5Mb
Flavors: r-release-macos-arm64, r-release-macos-x86_64, r-oldrel-macos-arm64, r-oldrel-macos-x86_64