Last updated on 2022-08-15 08:49:54 CEST.
Flavor | Version | Tinstall | Tcheck | Ttotal | Status | Flags |
---|---|---|---|---|---|---|
r-devel-linux-x86_64-debian-clang | 0.1.1 | 17.84 | 139.13 | 156.97 | OK | |
r-devel-linux-x86_64-debian-gcc | 0.1.1 | 10.64 | 103.47 | 114.11 | OK | |
r-devel-linux-x86_64-fedora-clang | 0.1.1 | 192.63 | OK | |||
r-devel-linux-x86_64-fedora-gcc | 0.1.1 | 189.70 | OK | |||
r-devel-windows-x86_64 | 0.1.1 | 20.00 | 155.00 | 175.00 | OK | |
r-patched-linux-x86_64 | 0.1.1 | 11.96 | 132.24 | 144.20 | OK | |
r-release-linux-x86_64 | 0.1.1 | 13.63 | 130.22 | 143.85 | OK | |
r-release-macos-arm64 | 0.1.1 | 50.00 | OK | |||
r-release-macos-x86_64 | 0.1.1 | 96.00 | OK | |||
r-release-windows-x86_64 | 0.1.1 | 18.00 | 155.00 | 173.00 | OK | |
r-oldrel-macos-arm64 | 0.1.1 | 53.00 | OK | |||
r-oldrel-macos-x86_64 | 0.1.1 | 97.00 | OK | |||
r-oldrel-windows-ix86+x86_64 | 0.1.1 | 3.00 | 9.00 | 12.00 | ERROR |
Version: 0.1.1
Check: whether package can be installed
Result: ERROR
Installation failed.
Flavor: r-oldrel-windows-ix86+x86_64