Last updated on 2022-08-15 08:49:54 CEST.
Flavor | Version | Tinstall | Tcheck | Ttotal | Status | Flags |
---|---|---|---|---|---|---|
r-devel-linux-x86_64-debian-clang | 0.1 | 3.19 | 33.45 | 36.64 | NOTE | |
r-devel-linux-x86_64-debian-gcc | 0.1 | 2.59 | 26.07 | 28.66 | NOTE | |
r-devel-linux-x86_64-fedora-clang | 0.1 | 54.29 | NOTE | |||
r-devel-linux-x86_64-fedora-gcc | 0.1 | 53.13 | NOTE | |||
r-devel-windows-x86_64 | 0.1 | 14.00 | 67.00 | 81.00 | OK | |
r-patched-linux-x86_64 | 0.1 | 2.68 | 32.60 | 35.28 | NOTE | |
r-release-linux-x86_64 | 0.1 | 3.29 | 32.79 | 36.08 | NOTE | |
r-release-macos-arm64 | 0.1 | 18.00 | OK | |||
r-release-macos-x86_64 | 0.1 | 25.00 | OK | |||
r-release-windows-x86_64 | 0.1 | 14.00 | 64.00 | 78.00 | OK | |
r-oldrel-macos-arm64 | 0.1 | 20.00 | OK | |||
r-oldrel-macos-x86_64 | 0.1 | 38.00 | OK | |||
r-oldrel-windows-ix86+x86_64 | 0.1 | 17.00 | 73.00 | 90.00 | OK |
Version: 0.1
Check: for non-standard things in the check directory
Result: NOTE
Found the following files/directories:
'myfile.ps' 'myfile.svg'
Flavors: r-devel-linux-x86_64-debian-clang, r-devel-linux-x86_64-debian-gcc, r-devel-linux-x86_64-fedora-clang, r-devel-linux-x86_64-fedora-gcc, r-patched-linux-x86_64, r-release-linux-x86_64