Last updated on 2022-08-15 08:49:54 CEST.
Flavor | Version | Tinstall | Tcheck | Ttotal | Status | Flags |
---|---|---|---|---|---|---|
r-devel-linux-x86_64-debian-clang | 0.1.2 | 47.60 | 57.26 | 104.86 | OK | |
r-devel-linux-x86_64-debian-gcc | 0.1.2 | 43.08 | 43.41 | 86.49 | OK | |
r-devel-linux-x86_64-fedora-clang | 0.1.2 | 154.05 | OK | |||
r-devel-linux-x86_64-fedora-gcc | 0.1.2 | 155.69 | OK | |||
r-devel-windows-x86_64 | 0.1.2 | 46.00 | 102.00 | 148.00 | OK | |
r-patched-linux-x86_64 | 0.1.2 | 47.02 | 55.83 | 102.85 | OK | |
r-release-linux-x86_64 | 0.1.2 | 49.58 | 56.37 | 105.95 | OK | |
r-release-macos-arm64 | 0.1.2 | 40.00 | NOTE | |||
r-release-macos-x86_64 | 0.1.2 | 54.00 | NOTE | |||
r-release-windows-x86_64 | 0.1.2 | 48.00 | 107.00 | 155.00 | OK | |
r-oldrel-macos-arm64 | 0.1.2 | 46.00 | NOTE | |||
r-oldrel-macos-x86_64 | 0.1.2 | 83.00 | NOTE | |||
r-oldrel-windows-ix86+x86_64 | 0.1.2 | 126.00 | 114.00 | 240.00 | OK |
Version: 0.1.2
Check: installed package size
Result: NOTE
installed size is 6.1Mb
sub-directories of 1Mb or more:
libs 5.5Mb
Flavors: r-release-macos-arm64, r-release-macos-x86_64, r-oldrel-macos-arm64, r-oldrel-macos-x86_64