Last updated on 2022-08-15 08:49:54 CEST.
Flavor | Version | Tinstall | Tcheck | Ttotal | Status | Flags |
---|---|---|---|---|---|---|
r-devel-linux-x86_64-debian-clang | 0.3-1 | 6.09 | 180.67 | 186.76 | OK | |
r-devel-linux-x86_64-debian-gcc | 0.3-1 | 4.03 | 137.09 | 141.12 | OK | |
r-devel-linux-x86_64-fedora-clang | 0.3-1 | 225.88 | NOTE | |||
r-devel-linux-x86_64-fedora-gcc | 0.3-1 | 243.27 | NOTE | |||
r-devel-windows-x86_64 | 0.3-1 | 17.00 | 195.00 | 212.00 | OK | |
r-patched-linux-x86_64 | 0.3-1 | 6.23 | 175.35 | 181.58 | OK | |
r-release-linux-x86_64 | 0.3-1 | 5.83 | 172.47 | 178.30 | OK | |
r-release-macos-arm64 | 0.3-1 | 53.00 | NOTE | |||
r-release-macos-x86_64 | 0.3-1 | 77.00 | NOTE | |||
r-release-windows-x86_64 | 0.3-1 | 17.00 | 197.00 | 214.00 | OK | |
r-oldrel-macos-arm64 | 0.3-1 | 57.00 | NOTE | |||
r-oldrel-macos-x86_64 | 0.3-1 | 112.00 | NOTE | |||
r-oldrel-windows-ix86+x86_64 | 0.3-1 | 12.00 | 217.00 | 229.00 | OK |
Version: 0.3-1
Check: dependencies in R code
Result: NOTE
Namespace in Imports field not imported from: ‘graphics’
All declared Imports should be used.
Flavors: r-devel-linux-x86_64-fedora-clang, r-devel-linux-x86_64-fedora-gcc, r-release-macos-arm64, r-release-macos-x86_64, r-oldrel-macos-arm64, r-oldrel-macos-x86_64