Last updated on 2022-08-15 08:49:54 CEST.
Flavor | Version | Tinstall | Tcheck | Ttotal | Status | Flags |
---|---|---|---|---|---|---|
r-devel-linux-x86_64-debian-clang | 0.1.2 | 61.57 | 507.23 | 568.80 | OK | |
r-devel-linux-x86_64-debian-gcc | 0.1.2 | 51.30 | 382.49 | 433.79 | OK | |
r-devel-linux-x86_64-fedora-clang | 0.1.2 | 716.84 | OK | |||
r-devel-linux-x86_64-fedora-gcc | 0.1.2 | 731.61 | OK | |||
r-devel-windows-x86_64 | 0.1.2 | 109.00 | 8.00 | 117.00 | ERROR | |
r-patched-linux-x86_64 | 0.1.2 | 54.10 | 488.73 | 542.83 | OK | |
r-release-linux-x86_64 | 0.1.2 | 57.95 | 484.92 | 542.87 | OK | |
r-release-macos-arm64 | 0.1.2 | 166.00 | NOTE | |||
r-release-macos-x86_64 | 0.1.2 | 252.00 | OK | |||
r-release-windows-x86_64 | 0.1.2 | 164.00 | 505.00 | 669.00 | OK | |
r-oldrel-macos-arm64 | 0.1.2 | 177.00 | NOTE | |||
r-oldrel-macos-x86_64 | 0.1.2 | 230.00 | OK | |||
r-oldrel-windows-ix86+x86_64 | 0.1.2 | 123.00 | 503.00 | 626.00 | OK |
Version: 0.1.2
Check: whether package can be installed
Result: ERROR
Installation failed.
Flavor: r-devel-windows-x86_64
Version: 0.1.2
Check: installed package size
Result: NOTE
installed size is 5.4Mb
sub-directories of 1Mb or more:
data 5.0Mb
Flavors: r-release-macos-arm64, r-oldrel-macos-arm64