Last updated on 2022-08-15 08:49:54 CEST.
Flavor | Version | Tinstall | Tcheck | Ttotal | Status | Flags |
---|---|---|---|---|---|---|
r-devel-linux-x86_64-debian-clang | 0.9.5 | 12.71 | 255.74 | 268.45 | OK | |
r-devel-linux-x86_64-debian-gcc | 0.9.5 | 9.78 | 176.84 | 186.62 | OK | |
r-devel-linux-x86_64-fedora-clang | 0.9.5 | 302.20 | NOTE | |||
r-devel-linux-x86_64-fedora-gcc | 0.9.5 | 306.09 | OK | |||
r-devel-windows-x86_64 | 0.9.5 | 80.00 | 297.00 | 377.00 | OK | |
r-patched-linux-x86_64 | 0.9.5 | 10.30 | 231.45 | 241.75 | OK | |
r-release-linux-x86_64 | 0.9.5 | 10.33 | 232.10 | 242.43 | OK | |
r-release-macos-arm64 | 0.9.5 | 83.00 | OK | |||
r-release-macos-x86_64 | 0.9.5 | 98.00 | OK | |||
r-release-windows-x86_64 | 0.9.5 | 106.00 | 284.00 | 390.00 | OK | |
r-oldrel-macos-arm64 | 0.9.5 | 76.00 | OK | |||
r-oldrel-macos-x86_64 | 0.9.5 | 96.00 | OK | |||
r-oldrel-windows-ix86+x86_64 | 0.9.5 | 29.00 | 284.00 | 313.00 | OK |
Version: 0.9.5
Check: installed package size
Result: NOTE
installed size is 5.0Mb
sub-directories of 1Mb or more:
appinformation 3.7Mb
Flavor: r-devel-linux-x86_64-fedora-clang