Last updated on 2022-08-15 08:49:54 CEST.
Flavor | Version | Tinstall | Tcheck | Ttotal | Status | Flags |
---|---|---|---|---|---|---|
r-devel-linux-x86_64-debian-clang | 1.0.2.5 | 3.25 | 26.87 | 30.12 | OK | |
r-devel-linux-x86_64-debian-gcc | 1.0.2.5 | 2.73 | 20.68 | 23.41 | OK | |
r-devel-linux-x86_64-fedora-clang | 1.0.2.5 | 46.33 | NOTE | |||
r-devel-linux-x86_64-fedora-gcc | 1.0.2.5 | 45.61 | NOTE | |||
r-devel-windows-x86_64 | 1.0.2.5 | 18.00 | 48.00 | 66.00 | OK | |
r-patched-linux-x86_64 | 1.0.2.5 | 3.30 | 25.65 | 28.95 | OK | |
r-release-linux-x86_64 | 1.0.2.5 | 2.70 | 26.32 | 29.02 | OK | |
r-release-macos-arm64 | 1.0.2.5 | 16.00 | NOTE | |||
r-release-macos-x86_64 | 1.0.2.5 | 22.00 | NOTE | |||
r-release-windows-x86_64 | 1.0.2.5 | 8.00 | 47.00 | 55.00 | OK | |
r-oldrel-macos-arm64 | 1.0.2.5 | 20.00 | NOTE | |||
r-oldrel-macos-x86_64 | 1.0.2.5 | 24.00 | NOTE | |||
r-oldrel-windows-ix86+x86_64 | 1.0.2.5 | 7.00 | 32.00 | 39.00 | OK |
Version: 1.0.2.5
Check: data for non-ASCII characters
Result: NOTE
Note: found 1 marked Latin-1 string
Flavors: r-devel-linux-x86_64-fedora-clang, r-devel-linux-x86_64-fedora-gcc, r-release-macos-arm64, r-release-macos-x86_64, r-oldrel-macos-arm64, r-oldrel-macos-x86_64