Last updated on 2022-08-15 08:49:55 CEST.
Flavor | Version | Tinstall | Tcheck | Ttotal | Status | Flags |
---|---|---|---|---|---|---|
r-devel-linux-x86_64-debian-clang | 1.0.0 | 4.10 | 100.83 | 104.93 | OK | |
r-devel-linux-x86_64-debian-gcc | 1.0.0 | 3.62 | 74.95 | 78.57 | OK | |
r-devel-linux-x86_64-fedora-clang | 1.0.0 | 130.34 | NOTE | |||
r-devel-linux-x86_64-fedora-gcc | 1.0.0 | 132.53 | NOTE | |||
r-devel-windows-x86_64 | 1.0.0 | 27.00 | 135.00 | 162.00 | OK | |
r-patched-linux-x86_64 | 1.0.0 | 6.11 | 93.98 | 100.09 | OK | |
r-release-linux-x86_64 | 1.0.0 | 5.01 | 95.62 | 100.63 | OK | |
r-release-macos-arm64 | 1.0.0 | 35.00 | NOTE | |||
r-release-macos-x86_64 | 1.0.0 | 50.00 | NOTE | |||
r-release-windows-x86_64 | 1.0.0 | 35.00 | 130.00 | 165.00 | OK | |
r-oldrel-macos-arm64 | 1.0.0 | 34.00 | NOTE | |||
r-oldrel-macos-x86_64 | 1.0.0 | 55.00 | NOTE | |||
r-oldrel-windows-ix86+x86_64 | 1.0.0 | 10.00 | 131.00 | 141.00 | OK |
Version: 1.0.0
Check: dependencies in R code
Result: NOTE
Namespaces in Imports field not imported from:
‘ncdf4’ ‘rgdal’
All declared Imports should be used.
Flavors: r-devel-linux-x86_64-fedora-clang, r-devel-linux-x86_64-fedora-gcc, r-release-macos-arm64, r-release-macos-x86_64, r-oldrel-macos-arm64, r-oldrel-macos-x86_64