Last updated on 2022-08-15 08:49:54 CEST.
Flavor | Version | Tinstall | Tcheck | Ttotal | Status | Flags |
---|---|---|---|---|---|---|
r-devel-linux-x86_64-debian-clang | 0.8.2 | 8.35 | 272.34 | 280.69 | NOTE | |
r-devel-linux-x86_64-debian-gcc | 0.8.2 | 6.33 | 189.29 | 195.62 | NOTE | |
r-devel-linux-x86_64-fedora-clang | 0.8.2 | 324.50 | NOTE | |||
r-devel-linux-x86_64-fedora-gcc | 0.8.2 | 310.59 | NOTE | |||
r-devel-windows-x86_64 | 0.8.2 | 90.00 | 322.00 | 412.00 | NOTE | |
r-patched-linux-x86_64 | 0.8.2 | 11.83 | 236.19 | 248.02 | NOTE | |
r-release-linux-x86_64 | 0.8.2 | 6.06 | 238.65 | 244.71 | NOTE | |
r-release-macos-arm64 | 0.8.2 | 100.00 | NOTE | |||
r-release-macos-x86_64 | 0.8.2 | 196.00 | NOTE | |||
r-release-windows-x86_64 | 0.8.2 | 43.00 | 312.00 | 355.00 | NOTE | |
r-oldrel-macos-arm64 | 0.8.2 | 154.00 | NOTE | |||
r-oldrel-macos-x86_64 | 0.8.2 | 215.00 | NOTE | |||
r-oldrel-windows-ix86+x86_64 | 0.8.2 | 21.00 | 279.00 | 300.00 | NOTE |
Version: 0.8.2
Check: LazyData
Result: NOTE
'LazyData' is specified without a 'data' directory
Flavors: r-devel-linux-x86_64-debian-clang, r-devel-linux-x86_64-debian-gcc, r-devel-linux-x86_64-fedora-clang, r-devel-linux-x86_64-fedora-gcc, r-devel-windows-x86_64, r-patched-linux-x86_64, r-release-linux-x86_64, r-release-macos-arm64, r-release-macos-x86_64, r-release-windows-x86_64, r-oldrel-macos-arm64, r-oldrel-macos-x86_64, r-oldrel-windows-ix86+x86_64