Last updated on 2022-08-15 08:49:54 CEST.
Flavor | Version | Tinstall | Tcheck | Ttotal | Status | Flags |
---|---|---|---|---|---|---|
r-devel-linux-x86_64-debian-clang | 0.1.2 | 5.02 | 56.44 | 61.46 | OK | |
r-devel-linux-x86_64-debian-gcc | 0.1.2 | 4.19 | 42.71 | 46.90 | OK | |
r-devel-linux-x86_64-fedora-clang | 0.1.2 | 84.52 | NOTE | |||
r-devel-linux-x86_64-fedora-gcc | 0.1.2 | 86.06 | NOTE | |||
r-devel-windows-x86_64 | 0.1.2 | 93.00 | 107.00 | 200.00 | OK | |
r-patched-linux-x86_64 | 0.1.2 | 4.26 | 53.93 | 58.19 | OK | |
r-release-linux-x86_64 | 0.1.2 | 3.97 | 55.26 | 59.23 | OK | |
r-release-macos-arm64 | 0.1.2 | 30.00 | NOTE | |||
r-release-macos-x86_64 | 0.1.2 | 49.00 | NOTE | |||
r-release-windows-x86_64 | 0.1.2 | 52.00 | 102.00 | 154.00 | OK | |
r-oldrel-macos-arm64 | 0.1.2 | 33.00 | NOTE | |||
r-oldrel-macos-x86_64 | 0.1.2 | 43.00 | NOTE | |||
r-oldrel-windows-ix86+x86_64 | 0.1.2 | 11.00 | 88.00 | 99.00 | WARN |
Version: 0.1.2
Check: dependencies in R code
Result: NOTE
Namespace in Imports field not imported from: ‘R6’
All declared Imports should be used.
Flavors: r-devel-linux-x86_64-fedora-clang, r-devel-linux-x86_64-fedora-gcc, r-release-macos-arm64, r-release-macos-x86_64, r-oldrel-macos-arm64, r-oldrel-macos-x86_64
Version: 0.1.2
Check: re-building of vignette outputs
Result: WARN
Error(s) in re-building vignettes:
--- re-building 'datafaker_workflow.Rmd' using rmarkdown
--- finished re-building 'datafaker_workflow.Rmd'
--- re-building 'extra_parameters.Rmd' using rmarkdown
--- finished re-building 'extra_parameters.Rmd'
--- re-building 'main.Rmd' using rmarkdown
Error: processing vignette 'main.Rmd' failed with diagnostics:
only `math_method = 'mathjax'` is supported with earlier version than Pandoc 2.0
--- failed re-building 'main.Rmd'
--- re-building 'schema_structure.Rmd' using rmarkdown
--- finished re-building 'schema_structure.Rmd'
--- re-building 'simulation_methods.Rmd' using rmarkdown
--- finished re-building 'simulation_methods.Rmd'
--- re-building 'simulation_options.Rmd' using rmarkdown
--- finished re-building 'simulation_options.Rmd'
--- re-building 'structure_from_db.Rmd' using rmarkdown
--- finished re-building 'structure_from_db.Rmd'
SUMMARY: processing the following file failed:
'main.Rmd'
Error: Vignette re-building failed.
Execution halted
Flavor: r-oldrel-windows-ix86+x86_64