Last updated on 2022-08-15 08:49:54 CEST.
Flavor | Version | Tinstall | Tcheck | Ttotal | Status | Flags |
---|---|---|---|---|---|---|
r-devel-linux-x86_64-debian-clang | 1.2.5 | 70.96 | 27.00 | 97.96 | WARN | |
r-devel-linux-x86_64-debian-gcc | 1.2.5 | 64.75 | 21.41 | 86.16 | OK | |
r-devel-linux-x86_64-fedora-clang | 1.2.5 | 163.83 | WARN | |||
r-devel-linux-x86_64-fedora-gcc | 1.2.5 | 155.25 | OK | |||
r-devel-windows-x86_64 | 1.2.5 | 87.00 | 81.00 | 168.00 | OK | |
r-patched-linux-x86_64 | 1.2.5 | 65.83 | 27.30 | 93.13 | OK | |
r-release-linux-x86_64 | 1.2.5 | 71.68 | 27.26 | 98.94 | OK | |
r-release-macos-arm64 | 1.2.5 | 42.00 | NOTE | |||
r-release-macos-x86_64 | 1.2.5 | 54.00 | NOTE | |||
r-release-windows-x86_64 | 1.2.5 | 75.00 | 83.00 | 158.00 | OK | |
r-oldrel-macos-arm64 | 1.2.5 | 57.00 | NOTE | |||
r-oldrel-macos-x86_64 | 1.2.5 | 56.00 | NOTE | |||
r-oldrel-windows-ix86+x86_64 | 1.2.5 | 185.00 | 131.00 | 316.00 | OK |
Version: 1.2.5
Check: whether package can be installed
Result: WARN
Found the following significant warnings:
DTRegion3D.cpp:58:13: warning: use of bitwise '&' with boolean operands [-Wbitwise-instead-of-logical]
DTRegion3D.cpp:102:13: warning: use of bitwise '&' with boolean operands [-Wbitwise-instead-of-logical]
Flavors: r-devel-linux-x86_64-debian-clang, r-devel-linux-x86_64-fedora-clang
Version: 1.2.5
Check: installed package size
Result: NOTE
installed size is 7.3Mb
sub-directories of 1Mb or more:
libs 7.2Mb
Flavors: r-release-macos-arm64, r-release-macos-x86_64, r-oldrel-macos-arm64, r-oldrel-macos-x86_64