Last updated on 2022-08-15 08:49:54 CEST.
Flavor | Version | Tinstall | Tcheck | Ttotal | Status | Flags |
---|---|---|---|---|---|---|
r-devel-linux-x86_64-debian-clang | 1.1.0 | 2.57 | 35.40 | 37.97 | OK | |
r-devel-linux-x86_64-debian-gcc | 1.1.0 | 2.65 | 26.65 | 29.30 | OK | |
r-devel-linux-x86_64-fedora-clang | 1.1.0 | 55.25 | NOTE | |||
r-devel-linux-x86_64-fedora-gcc | 1.1.0 | 58.13 | OK | |||
r-devel-windows-x86_64 | 1.1.0 | 44.00 | 59.00 | 103.00 | NOTE | |
r-patched-linux-x86_64 | 1.1.0 | 3.25 | 34.53 | 37.78 | OK | |
r-release-linux-x86_64 | 1.1.0 | 2.95 | 34.12 | 37.07 | OK | |
r-release-macos-arm64 | 1.1.0 | 19.00 | NOTE | |||
r-release-macos-x86_64 | 1.1.0 | 28.00 | NOTE | |||
r-release-windows-x86_64 | 1.1.0 | 8.00 | 59.00 | 67.00 | NOTE | |
r-oldrel-macos-arm64 | 1.1.0 | 31.00 | NOTE | |||
r-oldrel-macos-x86_64 | 1.1.0 | 37.00 | NOTE | |||
r-oldrel-windows-ix86+x86_64 | 1.1.0 | 10.00 | 51.00 | 61.00 | NOTE |
Version: 1.1.0
Check: installed package size
Result: NOTE
installed size is 7.6Mb
sub-directories of 1Mb or more:
java 7.5Mb
Flavors: r-devel-linux-x86_64-fedora-clang, r-devel-windows-x86_64, r-release-macos-arm64, r-release-macos-x86_64, r-release-windows-x86_64, r-oldrel-macos-arm64, r-oldrel-macos-x86_64, r-oldrel-windows-ix86+x86_64