Last updated on 2022-08-15 08:49:54 CEST.
Flavor | Version | Tinstall | Tcheck | Ttotal | Status | Flags |
---|---|---|---|---|---|---|
r-devel-linux-x86_64-debian-clang | 1.8.2 | 13.74 | 63.88 | 77.62 | NOTE | |
r-devel-linux-x86_64-debian-gcc | 1.8.2 | 10.73 | 47.72 | 58.45 | NOTE | |
r-devel-linux-x86_64-fedora-clang | 1.8.2 | 104.21 | NOTE | |||
r-devel-linux-x86_64-fedora-gcc | 1.8.2 | 106.01 | NOTE | |||
r-devel-windows-x86_64 | 1.8.2 | 84.00 | 85.00 | 169.00 | NOTE | |
r-patched-linux-x86_64 | 1.8.2 | 12.68 | 59.89 | 72.57 | OK | |
r-release-linux-x86_64 | 1.8.2 | 11.68 | 60.94 | 72.62 | OK | |
r-release-macos-arm64 | 1.8.2 | 26.00 | NOTE | |||
r-release-macos-x86_64 | 1.8.2 | 54.00 | NOTE | |||
r-release-windows-x86_64 | 1.8.2 | 75.00 | 84.00 | 159.00 | OK | |
r-oldrel-macos-arm64 | 1.8.2 | 28.00 | NOTE | |||
r-oldrel-macos-x86_64 | 1.8.2 | 38.00 | NOTE | |||
r-oldrel-windows-ix86+x86_64 | 1.8.2 | 29.00 | 79.00 | 108.00 | OK |
Version: 1.8.2
Check: package subdirectories
Result: NOTE
Problems with news in 'NEWS.md':
Cannot extract version info from the following section titles:
Datastream DWE - now decommissioned by Refinitiv
CRAN
Flavors: r-devel-linux-x86_64-debian-clang, r-devel-linux-x86_64-debian-gcc, r-devel-linux-x86_64-fedora-clang, r-devel-linux-x86_64-fedora-gcc, r-devel-windows-x86_64
Version: 1.8.2
Check: data for non-ASCII characters
Result: NOTE
Note: found 8 marked Latin-1 strings
Flavors: r-devel-linux-x86_64-fedora-clang, r-devel-linux-x86_64-fedora-gcc, r-release-macos-arm64, r-release-macos-x86_64, r-oldrel-macos-arm64, r-oldrel-macos-x86_64