Last updated on 2022-08-15 08:49:54 CEST.
Flavor | Version | Tinstall | Tcheck | Ttotal | Status | Flags |
---|---|---|---|---|---|---|
r-devel-linux-x86_64-debian-clang | 1.5.0 | 501.44 | 378.48 | 879.92 | NOTE | |
r-devel-linux-x86_64-debian-gcc | 1.5.0 | 461.60 | 292.60 | 754.20 | NOTE | |
r-devel-linux-x86_64-fedora-clang | 1.5.0 | 1127.97 | NOTE | |||
r-devel-linux-x86_64-fedora-gcc | 1.5.0 | 1322.64 | NOTE | |||
r-devel-windows-x86_64 | 1.5.0 | 378.00 | 440.00 | 818.00 | NOTE | |
r-patched-linux-x86_64 | 1.5.0 | 353.62 | 381.88 | 735.50 | NOTE | |
r-release-linux-x86_64 | 1.5.0 | 352.76 | 375.13 | 727.89 | NOTE | |
r-release-macos-arm64 | 1.5.0 | 277.00 | NOTE | |||
r-release-macos-x86_64 | 1.5.0 | 549.00 | NOTE | |||
r-release-windows-x86_64 | 1.5.0 | 380.00 | 432.00 | 812.00 | NOTE | |
r-oldrel-macos-arm64 | 1.5.0 | 419.00 | NOTE | |||
r-oldrel-macos-x86_64 | 1.5.0 | 566.00 | NOTE | |||
r-oldrel-windows-ix86+x86_64 | 1.5.0 | 1087.00 | 489.00 | 1576.00 | NOTE |
Version: 1.5.0
Check: for GNU extensions in Makefiles
Result: NOTE
GNU make is a SystemRequirements.
Flavors: r-devel-linux-x86_64-debian-clang, r-devel-linux-x86_64-debian-gcc, r-devel-linux-x86_64-fedora-clang, r-devel-linux-x86_64-fedora-gcc, r-devel-windows-x86_64, r-patched-linux-x86_64, r-release-linux-x86_64, r-release-macos-arm64, r-release-macos-x86_64, r-release-windows-x86_64, r-oldrel-macos-arm64, r-oldrel-macos-x86_64, r-oldrel-windows-ix86+x86_64
Version: 1.5.0
Check: HTML version of manual
Result: NOTE
Found the following HTML validation problems:
fit.dl.html:19:1: Warning: missing </h2> before <ol>
fit.dl.html:34:1: Warning: discarding unexpected </h2>
Flavors: r-devel-linux-x86_64-debian-clang, r-devel-linux-x86_64-debian-gcc, r-devel-linux-x86_64-fedora-clang, r-devel-linux-x86_64-fedora-gcc
Version: 1.5.0
Check: installed package size
Result: NOTE
installed size is 7.8Mb
sub-directories of 1Mb or more:
libs 5.1Mb
Flavors: r-devel-linux-x86_64-fedora-clang, r-devel-windows-x86_64, r-release-macos-arm64, r-release-macos-x86_64, r-release-windows-x86_64, r-oldrel-macos-arm64, r-oldrel-macos-x86_64, r-oldrel-windows-ix86+x86_64
Version: 1.5.0
Check: top-level files
Result: NOTE
‘configure’: /bin/bash is not portable
Flavors: r-devel-linux-x86_64-fedora-clang, r-devel-linux-x86_64-fedora-gcc
Version: 1.5.0
Check: dependencies in R code
Result: NOTE
Namespace in Imports field not imported from: ‘lattice’
All declared Imports should be used.
Flavors: r-devel-linux-x86_64-fedora-clang, r-devel-linux-x86_64-fedora-gcc, r-release-macos-arm64, r-release-macos-x86_64, r-oldrel-macos-arm64, r-oldrel-macos-x86_64