Last updated on 2022-08-15 08:49:54 CEST.
Flavor | Version | Tinstall | Tcheck | Ttotal | Status | Flags |
---|---|---|---|---|---|---|
r-devel-linux-x86_64-debian-clang | 8.0.2 | 4.37 | 40.24 | 44.61 | OK | |
r-devel-linux-x86_64-debian-gcc | 8.0.2 | 3.11 | 29.00 | 32.11 | OK | |
r-devel-linux-x86_64-fedora-clang | 8.0.2 | 62.73 | NOTE | |||
r-devel-linux-x86_64-fedora-gcc | 8.0.2 | 62.48 | OK | |||
r-devel-windows-x86_64 | 8.0.2 | 21.00 | 69.00 | 90.00 | OK | |
r-patched-linux-x86_64 | 8.0.2 | 3.53 | 37.74 | 41.27 | OK | |
r-release-linux-x86_64 | 8.0.2 | 3.81 | 37.82 | 41.63 | OK | |
r-release-macos-arm64 | 8.0.2 | 25.00 | OK | |||
r-release-macos-x86_64 | 8.0.2 | 31.00 | OK | |||
r-release-windows-x86_64 | 8.0.2 | 25.00 | 70.00 | 95.00 | OK | |
r-oldrel-macos-arm64 | 8.0.2 | 23.00 | OK | |||
r-oldrel-macos-x86_64 | 8.0.2 | 36.00 | OK | |||
r-oldrel-windows-ix86+x86_64 | 8.0.2 | 14.00 | 89.00 | 103.00 | OK |
Version: 8.0.2
Check: Rd cross-references
Result: NOTE
Undeclared packages ‘e1071’, ‘nloptr’ in Rd xrefs
Flavor: r-devel-linux-x86_64-fedora-clang