Last updated on 2022-08-15 08:49:54 CEST.
Flavor | Version | Tinstall | Tcheck | Ttotal | Status | Flags |
---|---|---|---|---|---|---|
r-devel-linux-x86_64-debian-clang | 1.0.1 | 2.35 | 27.30 | 29.65 | NOTE | |
r-devel-linux-x86_64-debian-gcc | 1.0.1 | 1.90 | 21.60 | 23.50 | NOTE | |
r-devel-linux-x86_64-fedora-clang | 1.0.1 | 45.48 | NOTE | |||
r-devel-linux-x86_64-fedora-gcc | 1.0.1 | 46.00 | NOTE | |||
r-devel-windows-x86_64 | 1.0.1 | 20.00 | 54.00 | 74.00 | NOTE | |
r-patched-linux-x86_64 | 1.0.1 | 2.47 | 26.14 | 28.61 | OK | |
r-release-linux-x86_64 | 1.0.1 | 2.04 | 26.85 | 28.89 | OK | |
r-release-macos-arm64 | 1.0.1 | 18.00 | OK | |||
r-release-macos-x86_64 | 1.0.1 | 23.00 | OK | |||
r-release-windows-x86_64 | 1.0.1 | 16.00 | 55.00 | 71.00 | OK | |
r-oldrel-macos-arm64 | 1.0.1 | 20.00 | OK | |||
r-oldrel-macos-x86_64 | 1.0.1 | 32.00 | OK | |||
r-oldrel-windows-ix86+x86_64 | 1.0.1 | 6.00 | 43.00 | 49.00 | OK |
Version: 1.0.1
Check: package subdirectories
Result: NOTE
Problems with news in 'NEWS.md':
Cannot extract version info from the following section titles:
Changes from previous package DecompHoriuchi
Flavors: r-devel-linux-x86_64-debian-clang, r-devel-linux-x86_64-debian-gcc, r-devel-linux-x86_64-fedora-clang, r-devel-linux-x86_64-fedora-gcc, r-devel-windows-x86_64