Last updated on 2022-08-15 08:49:54 CEST.
Flavor | Version | Tinstall | Tcheck | Ttotal | Status | Flags |
---|---|---|---|---|---|---|
r-devel-linux-x86_64-debian-clang | 1.0.2 | 3.61 | 28.61 | 32.22 | NOTE | |
r-devel-linux-x86_64-debian-gcc | 1.0.2 | 3.47 | 22.38 | 25.85 | NOTE | |
r-devel-linux-x86_64-fedora-clang | 1.0.2 | 50.39 | NOTE | |||
r-devel-linux-x86_64-fedora-gcc | 1.0.2 | 50.81 | NOTE | |||
r-devel-windows-x86_64 | 1.0.2 | 16.00 | 63.00 | 79.00 | NOTE | |
r-patched-linux-x86_64 | 1.0.2 | 3.90 | 28.17 | 32.07 | OK | |
r-release-linux-x86_64 | 1.0.2 | 4.11 | 28.23 | 32.34 | OK | |
r-release-macos-arm64 | 1.0.2 | 18.00 | OK | |||
r-release-macos-x86_64 | 1.0.2 | 28.00 | OK | |||
r-release-windows-x86_64 | 1.0.2 | 22.00 | 63.00 | 85.00 | OK | |
r-oldrel-macos-arm64 | 1.0.2 | 18.00 | OK | |||
r-oldrel-macos-x86_64 | 1.0.2 | 27.00 | OK | |||
r-oldrel-windows-ix86+x86_64 | 1.0.2 | 14.00 | 59.00 | 73.00 | OK |
Version: 1.0.2
Check: Rd files
Result: NOTE
checkRd: (-1) DendSer.Rd:50: Escaped LaTeX specials: \&
Flavors: r-devel-linux-x86_64-debian-clang, r-devel-linux-x86_64-debian-gcc, r-devel-linux-x86_64-fedora-clang, r-devel-linux-x86_64-fedora-gcc, r-devel-windows-x86_64