Last updated on 2022-08-15 08:49:54 CEST.
Flavor | Version | Tinstall | Tcheck | Ttotal | Status | Flags |
---|---|---|---|---|---|---|
r-devel-linux-x86_64-debian-clang | 2.1.5 | 178.67 | 196.61 | 375.28 | OK | |
r-devel-linux-x86_64-debian-gcc | 2.1.5 | 140.60 | 137.25 | 277.85 | OK | |
r-devel-linux-x86_64-fedora-clang | 2.1.5 | 497.93 | OK | |||
r-devel-linux-x86_64-fedora-gcc | 2.1.5 | 513.29 | OK | |||
r-devel-windows-x86_64 | 2.1.5 | 231.00 | 228.00 | 459.00 | OK | |
r-patched-linux-x86_64 | 2.1.5 | 154.90 | 169.67 | 324.57 | OK | |
r-release-linux-x86_64 | 2.1.5 | 151.71 | 173.06 | 324.77 | OK | |
r-release-macos-arm64 | 2.1.5 | 109.00 | NOTE | |||
r-release-macos-x86_64 | 2.1.5 | 207.00 | OK | |||
r-release-windows-x86_64 | 2.1.5 | 186.00 | 227.00 | 413.00 | OK | |
r-oldrel-macos-arm64 | 2.1.5 | 98.00 | NOTE | |||
r-oldrel-macos-x86_64 | 2.1.5 | 144.00 | OK | |||
r-oldrel-windows-ix86+x86_64 | 2.1.5 | 433.00 | 299.00 | 732.00 | OK |
Version: 2.1.5
Check: installed package size
Result: NOTE
installed size is 5.1Mb
sub-directories of 1Mb or more:
libs 4.1Mb
Flavors: r-release-macos-arm64, r-oldrel-macos-arm64