Last updated on 2022-08-15 08:49:54 CEST.
Flavor | Version | Tinstall | Tcheck | Ttotal | Status | Flags |
---|---|---|---|---|---|---|
r-devel-linux-x86_64-debian-clang | 2.1.9 | 17.00 | 251.48 | 268.48 | OK | |
r-devel-linux-x86_64-debian-gcc | 2.1.9 | 13.82 | 183.39 | 197.21 | OK | |
r-devel-linux-x86_64-fedora-clang | 2.1.9 | 340.33 | NOTE | |||
r-devel-linux-x86_64-fedora-gcc | 2.1.9 | 335.94 | NOTE | |||
r-devel-windows-x86_64 | 2.1.9 | 167.00 | 293.00 | 460.00 | OK | |
r-patched-linux-x86_64 | 2.1.9 | 12.33 | 234.21 | 246.54 | OK | |
r-release-linux-x86_64 | 2.1.9 | 15.57 | 234.96 | 250.53 | OK | |
r-release-macos-arm64 | 2.1.9 | 83.00 | NOTE | |||
r-release-macos-x86_64 | 2.1.9 | 144.00 | NOTE | |||
r-release-windows-x86_64 | 2.1.9 | 172.00 | 285.00 | 457.00 | OK | |
r-oldrel-macos-arm64 | 2.1.9 | 80.00 | NOTE | |||
r-oldrel-macos-x86_64 | 2.1.9 | 139.00 | NOTE | |||
r-oldrel-windows-ix86+x86_64 | 2.1.9 | 40.00 | 306.00 | 346.00 | OK |
Version: 2.1.9
Check: dependencies in R code
Result: NOTE
Namespace in Imports field not imported from: ‘tidyselect’
All declared Imports should be used.
Flavors: r-devel-linux-x86_64-fedora-clang, r-devel-linux-x86_64-fedora-gcc, r-release-macos-arm64, r-release-macos-x86_64, r-oldrel-macos-arm64, r-oldrel-macos-x86_64