Last updated on 2022-08-15 08:49:54 CEST.
Flavor | Version | Tinstall | Tcheck | Ttotal | Status | Flags |
---|---|---|---|---|---|---|
r-devel-linux-x86_64-debian-clang | 0.1.0 | 3.77 | 27.31 | 31.08 | NOTE | |
r-devel-linux-x86_64-debian-gcc | 0.1.0 | 3.06 | 21.25 | 24.31 | NOTE | |
r-devel-linux-x86_64-fedora-clang | 0.1.0 | 48.56 | NOTE | |||
r-devel-linux-x86_64-fedora-gcc | 0.1.0 | 48.47 | NOTE | |||
r-devel-windows-x86_64 | 0.1.0 | 9.00 | 59.00 | 68.00 | NOTE | |
r-patched-linux-x86_64 | 0.1.0 | 3.19 | 25.04 | 28.23 | NOTE | |
r-release-linux-x86_64 | 0.1.0 | 3.47 | 25.04 | 28.51 | NOTE | |
r-release-macos-arm64 | 0.1.0 | 14.00 | NOTE | |||
r-release-macos-x86_64 | 0.1.0 | 28.00 | NOTE | |||
r-release-windows-x86_64 | 0.1.0 | 10.00 | 49.00 | 59.00 | NOTE | |
r-oldrel-macos-arm64 | 0.1.0 | 26.00 | NOTE | |||
r-oldrel-macos-x86_64 | 0.1.0 | 30.00 | NOTE | |||
r-oldrel-windows-ix86+x86_64 | 0.1.0 | 8.00 | 49.00 | 57.00 | NOTE |
Version: 0.1.0
Check: LazyData
Result: NOTE
'LazyData' is specified without a 'data' directory
Flavors: r-devel-linux-x86_64-debian-clang, r-devel-linux-x86_64-debian-gcc, r-devel-linux-x86_64-fedora-clang, r-devel-linux-x86_64-fedora-gcc, r-devel-windows-x86_64, r-patched-linux-x86_64, r-release-linux-x86_64, r-release-macos-arm64, r-release-macos-x86_64, r-release-windows-x86_64, r-oldrel-macos-arm64, r-oldrel-macos-x86_64, r-oldrel-windows-ix86+x86_64
Version: 0.1.0
Check: dependencies in R code
Result: NOTE
Namespaces in Imports field not imported from:
‘R6’ ‘dplyr’ ‘purrr’
All declared Imports should be used.
Flavors: r-devel-linux-x86_64-fedora-clang, r-devel-linux-x86_64-fedora-gcc, r-release-macos-arm64, r-release-macos-x86_64, r-oldrel-macos-arm64, r-oldrel-macos-x86_64
Version: 0.1.0
Check: Rd cross-references
Result: NOTE
Undeclared package ‘tibble’ in Rd xrefs
Flavor: r-devel-linux-x86_64-fedora-clang