Last updated on 2022-08-15 08:49:54 CEST.
Flavor | Version | Tinstall | Tcheck | Ttotal | Status | Flags |
---|---|---|---|---|---|---|
r-devel-linux-x86_64-debian-clang | 0.1.1 | 2.25 | 23.65 | 25.90 | NOTE | |
r-devel-linux-x86_64-debian-gcc | 0.1.1 | 1.56 | 18.40 | 19.96 | NOTE | |
r-devel-linux-x86_64-fedora-clang | 0.1.1 | 42.01 | NOTE | |||
r-devel-linux-x86_64-fedora-gcc | 0.1.1 | 42.30 | NOTE | |||
r-devel-windows-x86_64 | 0.1.1 | 15.00 | 50.00 | 65.00 | NOTE | |
r-patched-linux-x86_64 | 0.1.1 | 2.01 | 23.29 | 25.30 | NOTE | |
r-release-linux-x86_64 | 0.1.1 | 1.93 | 23.21 | 25.14 | NOTE | |
r-release-macos-arm64 | 0.1.1 | 15.00 | NOTE | |||
r-release-macos-x86_64 | 0.1.1 | 21.00 | NOTE | |||
r-release-windows-x86_64 | 0.1.1 | 18.00 | 50.00 | 68.00 | NOTE | |
r-oldrel-macos-arm64 | 0.1.1 | 17.00 | NOTE | |||
r-oldrel-macos-x86_64 | 0.1.1 | 28.00 | NOTE | |||
r-oldrel-windows-ix86+x86_64 | 0.1.1 | 8.00 | 48.00 | 56.00 | NOTE |
Version: 0.1.1
Check: LazyData
Result: NOTE
'LazyData' is specified without a 'data' directory
Flavors: r-devel-linux-x86_64-debian-clang, r-devel-linux-x86_64-debian-gcc, r-devel-linux-x86_64-fedora-clang, r-devel-linux-x86_64-fedora-gcc, r-devel-windows-x86_64, r-patched-linux-x86_64, r-release-linux-x86_64, r-release-macos-arm64, r-release-macos-x86_64, r-release-windows-x86_64, r-oldrel-macos-arm64, r-oldrel-macos-x86_64, r-oldrel-windows-ix86+x86_64