Last updated on 2022-08-15 08:49:54 CEST.
Flavor | Version | Tinstall | Tcheck | Ttotal | Status | Flags |
---|---|---|---|---|---|---|
r-devel-linux-x86_64-debian-clang | 5.5 | 20.19 | 152.24 | 172.43 | NOTE | |
r-devel-linux-x86_64-debian-gcc | 5.5 | 17.06 | 110.45 | 127.51 | NOTE | |
r-devel-linux-x86_64-fedora-clang | 5.5 | 205.53 | NOTE | |||
r-devel-linux-x86_64-fedora-gcc | 5.5 | 206.67 | NOTE | |||
r-devel-windows-x86_64 | 5.5 | 119.00 | 175.00 | 294.00 | NOTE | |
r-patched-linux-x86_64 | 5.5 | 21.48 | 141.00 | 162.48 | OK | |
r-release-linux-x86_64 | 5.5 | 12.39 | 141.69 | 154.08 | OK | |
r-release-macos-arm64 | 5.5 | 63.00 | OK | |||
r-release-macos-x86_64 | 5.5 | 69.00 | OK | |||
r-release-windows-x86_64 | 5.5 | 106.00 | 170.00 | 276.00 | OK | |
r-oldrel-macos-arm64 | 5.5 | 62.00 | OK | |||
r-oldrel-macos-x86_64 | 5.5 | 70.00 | OK | |||
r-oldrel-windows-ix86+x86_64 | 5.5 | 42.00 | 173.00 | 215.00 | OK |
Version: 5.5
Check: Rd files
Result: NOTE
checkRd: (-1) eul2rot.Rd:40: Escaped LaTeX specials: \&
checkRd: (-1) multivm.mle.Rd:62: Escaped LaTeX specials: \&
checkRd: (-1) rot2eul.Rd:33: Escaped LaTeX specials: \&
checkRd: (-1) spml.mle.Rd:78: Escaped LaTeX specials: \&
Flavors: r-devel-linux-x86_64-debian-clang, r-devel-linux-x86_64-debian-gcc, r-devel-linux-x86_64-fedora-clang, r-devel-linux-x86_64-fedora-gcc, r-devel-windows-x86_64