Last updated on 2022-08-15 08:49:54 CEST.
Flavor | Version | Tinstall | Tcheck | Ttotal | Status | Flags |
---|---|---|---|---|---|---|
r-devel-linux-x86_64-debian-clang | 1.0.5 | 14.51 | 213.89 | 228.40 | NOTE | |
r-devel-linux-x86_64-debian-gcc | 1.0.5 | 9.54 | 158.81 | 168.35 | NOTE | |
r-devel-linux-x86_64-fedora-clang | 1.0.5 | 292.61 | NOTE | |||
r-devel-linux-x86_64-fedora-gcc | 1.0.5 | 290.77 | NOTE | |||
r-devel-windows-x86_64 | 1.0.5 | 56.00 | 234.00 | 290.00 | OK | |
r-patched-linux-x86_64 | 1.0.5 | 17.98 | 198.01 | 215.99 | OK | |
r-release-linux-x86_64 | 1.0.5 | 13.83 | 198.84 | 212.67 | OK | |
r-release-macos-arm64 | 1.0.5 | 65.00 | OK | |||
r-release-macos-x86_64 | 1.0.5 | 128.00 | OK | |||
r-release-windows-x86_64 | 1.0.5 | 55.00 | 226.00 | 281.00 | OK | |
r-oldrel-macos-arm64 | 1.0.5 | 62.00 | OK | |||
r-oldrel-macos-x86_64 | 1.0.5 | 95.00 | OK | |||
r-oldrel-windows-ix86+x86_64 | 1.0.5 | 30.00 | 236.00 | 266.00 | OK |
Version: 1.0.5
Check: HTML version of manual
Result: NOTE
Found the following HTML validation problems:
amakihi.html:85:6: Warning: <a> illegal characters found in URI
Flavors: r-devel-linux-x86_64-debian-clang, r-devel-linux-x86_64-debian-gcc, r-devel-linux-x86_64-fedora-clang, r-devel-linux-x86_64-fedora-gcc
Version: 1.0.5
Check: Rd cross-references
Result: NOTE
Undeclared packages ‘optimx’, ‘readxl’ in Rd xrefs
Flavor: r-devel-linux-x86_64-fedora-clang