Last updated on 2022-08-15 08:49:54 CEST.
Flavor | Version | Tinstall | Tcheck | Ttotal | Status | Flags |
---|---|---|---|---|---|---|
r-devel-linux-x86_64-debian-clang | 1.2-1 | 18.62 | 132.70 | 151.32 | NOTE | |
r-devel-linux-x86_64-debian-gcc | 1.2-1 | 12.43 | 98.04 | 110.47 | NOTE | |
r-devel-linux-x86_64-fedora-clang | 1.2-1 | 184.49 | NOTE | |||
r-devel-linux-x86_64-fedora-gcc | 1.2-1 | 184.74 | NOTE | |||
r-devel-windows-x86_64 | 1.2-1 | 108.00 | 155.00 | 263.00 | NOTE | |
r-patched-linux-x86_64 | 1.2-1 | 21.24 | 122.67 | 143.91 | OK | |
r-release-linux-x86_64 | 1.2-1 | 15.87 | 124.42 | 140.29 | OK | |
r-release-macos-arm64 | 1.2-1 | 45.00 | OK | |||
r-release-macos-x86_64 | 1.2-1 | 71.00 | OK | |||
r-release-windows-x86_64 | 1.2-1 | 146.00 | 155.00 | 301.00 | OK | |
r-oldrel-macos-arm64 | 1.2-1 | 43.00 | OK | |||
r-oldrel-macos-x86_64 | 1.2-1 | 64.00 | OK | |||
r-oldrel-windows-ix86+x86_64 | 1.2-1 | 31.00 | 152.00 | 183.00 | OK |
Version: 1.2-1
Check: Rd files
Result: NOTE
checkRd: (-1) block.catlg.Rd:61: Escaped LaTeX specials: \^ \^
Flavors: r-devel-linux-x86_64-debian-clang, r-devel-linux-x86_64-debian-gcc, r-devel-linux-x86_64-fedora-clang, r-devel-linux-x86_64-fedora-gcc, r-devel-windows-x86_64