Last updated on 2022-08-15 08:49:54 CEST.
Flavor | Version | Tinstall | Tcheck | Ttotal | Status | Flags |
---|---|---|---|---|---|---|
r-devel-linux-x86_64-debian-clang | 0.2.2 | 88.19 | 58.57 | 146.76 | NOTE | |
r-devel-linux-x86_64-debian-gcc | 0.2.2 | 66.84 | 45.06 | 111.90 | NOTE | |
r-devel-linux-x86_64-fedora-clang | 0.2.2 | 218.37 | NOTE | |||
r-devel-linux-x86_64-fedora-gcc | 0.2.2 | 201.72 | NOTE | |||
r-devel-windows-x86_64 | 0.2.2 | 74.00 | 129.00 | 203.00 | NOTE | |
r-patched-linux-x86_64 | 0.2.2 | 77.63 | 57.89 | 135.52 | NOTE | |
r-release-linux-x86_64 | 0.2.2 | 74.69 | 57.91 | 132.60 | NOTE | |
r-release-macos-arm64 | 0.2.2 | 52.00 | NOTE | |||
r-release-macos-x86_64 | 0.2.2 | 69.00 | NOTE | |||
r-release-windows-x86_64 | 0.2.2 | 74.00 | 131.00 | 205.00 | NOTE | |
r-oldrel-macos-arm64 | 0.2.2 | 62.00 | NOTE | |||
r-oldrel-macos-x86_64 | 0.2.2 | 105.00 | NOTE | |||
r-oldrel-windows-ix86+x86_64 | 0.2.2 | 226.00 | 154.00 | 380.00 | NOTE |
Version: 0.2.2
Check: LazyData
Result: NOTE
'LazyData' is specified without a 'data' directory
Flavors: r-devel-linux-x86_64-debian-clang, r-devel-linux-x86_64-debian-gcc, r-devel-linux-x86_64-fedora-clang, r-devel-linux-x86_64-fedora-gcc, r-devel-windows-x86_64, r-patched-linux-x86_64, r-release-linux-x86_64, r-release-macos-arm64, r-release-macos-x86_64, r-release-windows-x86_64, r-oldrel-macos-arm64, r-oldrel-macos-x86_64, r-oldrel-windows-ix86+x86_64